{"id":398,"date":"2020-06-11T14:15:24","date_gmt":"2020-06-11T12:15:24","guid":{"rendered":"https:\/\/stage.wikimedia.de\/2020\/?page_id=398"},"modified":"2021-06-18T14:21:03","modified_gmt":"2021-06-18T12:21:03","slug":"finances","status":"publish","type":"page","link":"https:\/\/www.wikimedia.de\/2020\/en\/finances\/","title":{"rendered":"Finances"},"content":{"rendered":"\n<div style=\"height:60px\" aria-hidden=\"true\" class=\"wp-block-spacer\"><\/div>\n\n\n\n<div class=\"wp-block-columns is-layout-flex wp-container-core-columns-is-layout-9d6595d7 wp-block-columns-is-layout-flex\">\n<div class=\"wp-block-column is-layout-flow wp-block-column-is-layout-flow\"><div class=\"block-success-number\">\n    <div class=\"callout base-green-bg\" style=\"transform: rotate(-20deg);\">\n        <div class=\"content\">\n            <!-- wp:heading {\"level\":3} -->\n<h3>5 Projektteams wurden in der ersten Runde des Wikimedia Accelerator-Programms \u201cUnlock\u201d gef\u00f6rdert.<\/h3>\n<!-- \/wp:heading -->        <\/div>\n    <\/div>\n<\/div>\n<\/div>\n\n\n\n<div class=\"wp-block-column is-layout-flow wp-block-column-is-layout-flow\"><div class=\"block-success-number\">\n    <div class=\"callout base-violet-bg\" style=\"transform: rotate(13deg);\">\n        <div class=\"content\">\n            <!-- wp:heading {\"level\":3} -->\n<h3>5 Jahre lang hat Wikimedia Deutschland mit Partnern das Fellow-Programm Freies Wissen durchgef\u00fchrt und dabei 90 Nachwuchswissenschaftler*innen gef\u00f6rdert und offene Wissenschaft gest\u00e4rkt.<\/h3>\n<!-- \/wp:heading -->\n\n<!-- wp:paragraph -->\n<p><\/p>\n<!-- \/wp:paragraph -->        <\/div>\n    <\/div>\n<\/div>\n<\/div>\n<\/div>\n\n\n<div class=\"block-success-number\">\n    <div class=\"callout base-yellow-bg\" style=\"transform: rotate(3deg);\">\n        <div class=\"content\">\n            <!-- wp:heading {\"level\":3} -->\n<h3>Rund 90.000 <strong>Mitglieder<\/strong> engagieren sich gemeinsam mit uns f\u00fcr Freies Wissen (Stand: M\u00e4rz 2021, Vergleich Vorjahr: 80.000).<\/h3>\n<!-- \/wp:heading -->\n\n<!-- wp:paragraph -->\n<p><\/p>\n<!-- \/wp:paragraph -->        <\/div>\n    <\/div>\n<\/div>\n\n\n\n<div style=\"height:60px\" aria-hidden=\"true\" class=\"wp-block-spacer\"><\/div>\n\n\n\n<h2 class=\"wp-block-heading\"><strong><strong>Revenues<\/strong><\/strong><\/h2>\n\n\n\n<p>According to accounting, revenues of 2020 increased to EUR&nbsp;10.6&nbsp;million (compared to EUR&nbsp;9.6&nbsp;million in the previous year). Revenues from membership fees increased significantly to EUR&nbsp;4.0&nbsp;million (previous year: EUR&nbsp;3.6&nbsp;million), as the number of members rose to 80,291 as of December&nbsp;31 (previous year: 73,658). Although the total revenue of donations nominally decreased to EUR&nbsp;3.0&nbsp;million (previous year: EUR&nbsp;3.2&nbsp;million) it is worth pointing out that according to accounting standard&nbsp;HFA&nbsp;21, donations can only be posted as revenue once they have been disbursed. Other revenues increased significantly to EUR&nbsp;3.4&nbsp;million (previous year: EUR&nbsp;2.6&nbsp;million). This results from increased support of Wikimedia Foundation as well as an inheritance of EUR&nbsp;0.2&nbsp;million.<\/p>\n\n\n\n<h2 class=\"wp-block-heading\"><strong>Expenditures<\/strong><\/h2>\n\n\n\n<p>In 2020, expenditures increased to EUR&nbsp;10.6&nbsp;million (previous year: EUR&nbsp;9.6&nbsp;million). Personnel expenditures increased to EUR&nbsp;6.4&nbsp;million (previous year: EUR&nbsp;5.3&nbsp;million), while operational expenditures dropped to EUR&nbsp;4.0&nbsp;million (previous year: EUR&nbsp;4.1&nbsp;million). The decrease results directly from the cancellation of various events because of the corona pandemic including Wikimedia Summit&nbsp;2020, Tag des Freien Wissens and WikiCon, which led to a decrease in relevant expenditures.<\/p>\n\n\n\n<p>The summary \u201cUse of Funds\u201d of this report provides a more detailed account of the actual use of funds.<\/p>\n\n\n\n<div class=\"wp-block-buttons is-layout-flex wp-block-buttons-is-layout-flex\">\n<div class=\"wp-block-button\"><a class=\"wp-block-button__link\" href=\"https:\/\/www.wikimedia.de\/2020\/en\/finanzen\/use-of-funds\/\">use of funds<\/a><\/div>\n<\/div>\n\n\n<div class=\"block-success-number\">\n    <div class=\"callout base-red-bg\" style=\"transform: rotate(10deg);\">\n        <div class=\"content\">\n            <!-- wp:heading {\"level\":3} -->\n<h3>340.000 Bilder haben Ehrenamtliche Fotograf*innen 2020 weltweit innerhalb der Fotowettbewerbe Wiki Loves Earth und Wiki Loves Monuments ins freie Medienarchiv Wikimedia Commons hochgeladen.<\/h3>\n<!-- \/wp:heading -->\n\n<!-- wp:paragraph -->\n<p><\/p>\n<!-- \/wp:paragraph -->        <\/div>\n    <\/div>\n<\/div>\n\n\n\n<div style=\"height:100px\" aria-hidden=\"true\" class=\"wp-block-spacer\"><\/div>\n\n\n\n<h2 class=\"wp-block-heading\"><strong>Unused Donations \/ Reserves<\/strong><\/h2>\n\n\n\n<p>Wikimedia Deutschland applies the HFA&nbsp;21 accounting standard. A unique feature of this standard is that revenue from donations is only posted at the time of the donation\u2019s disbursement. For this reason, the item \u201cUnused Donations\u201d posted under liabilites on the balance sheet is an important benchmark for assessing the financial situation of Wikimedia Deutschland. This amount increased to EUR&nbsp;8.8&nbsp;million (previous year: EUR&nbsp;7.8&nbsp;million). The total is shown in full as a tax reserve in accordance with \u00a762&nbsp;AO of the German Fiscal Code.<\/p>\n\n\n\n<h2 class=\"wp-block-heading\">Gemeinn\u00fctzige Wikimedia<br>F\u00f6rdergesellschaft mbH (WMFG)<\/h2>\n\n\n\n<p>The organization has a wholly owned subsidiary with the sole purpose of generating donations as forwarding funds.The 2020 balance sheet of Gemeinn\u00fctzige Wikimedia F\u00f6rdergesellschaft mbH (WMFG) reads as follows: donation revenue increased to EUR&nbsp;11.9&nbsp;million (previous year: EUR&nbsp;11.0&nbsp;million).Personnel expenditures and material expenditures increased to EUR&nbsp;1.4&nbsp;million (previous year: EUR&nbsp;1.1&nbsp;million). As a result, EUR&nbsp;8.7&nbsp;million (previous year: EUR&nbsp;7.8&nbsp;million) were forwarded to the Wikimedia Foundation in the USA and EUR&nbsp;1.8&nbsp;million (previous year: EUR&nbsp;2.4&nbsp;million) were forwarded to the organization in Germany. Unused donations amounted to EUR&nbsp;0.8&nbsp;million (previous year: EUR&nbsp;0.7&nbsp;million); this amount will be available to the organization in the following year.<\/p>\n\n\n\n<div style=\"height:60px\" aria-hidden=\"true\" class=\"wp-block-spacer\"><\/div>\n\n\n<div class=\"block-success-number\">\n    <div class=\"callout base-red-bg\" style=\"transform: rotate(10deg);\">\n        <div class=\"content\">\n            <!-- wp:heading {\"level\":3} -->\n<h3>Ein Bundesverdienstkreuz ging an den Wikipedia-Aktiven Bernd Schwabe.<\/h3>\n<!-- \/wp:heading -->\n\n<!-- wp:paragraph -->\n<p><\/p>\n<!-- \/wp:paragraph -->        <\/div>\n    <\/div>\n<\/div>\n\n\n\n<div style=\"height:60px\" aria-hidden=\"true\" class=\"wp-block-spacer\"><\/div>\n\n\n\n<h2 class=\"wp-block-heading\"><strong>Use of Funds<\/strong><\/h2>\n\n\n\n<p>Wikimedia Deutschland, like many fundraising organizations, strives to maximize funds used for substantive work while minimizing costs of activities related to public relations, advertising and administration. However, the latter are necessary and meaningful as they help organize the use of funds as well as provide accountability and transparency. The expenses for activities relating to public relations and advertising of Wikimedia Deutschland and Gemeinn\u00fctzige Wikimedia F\u00f6rdergesellschaft amounted to EUR&nbsp;2.4&nbsp;million in 2020 (previous year: EUR&nbsp;2.0&nbsp;million). The administrative expenses amounted to EUR&nbsp;2.4&nbsp;million (previous year: EUR&nbsp;1.9&nbsp;million). Taking this into account, the overall share of costs for activities relating to administration, advertising and public relations of both organizations amounted to 23.4% in 2020 (previous year: 21.2%). While the costs for activities relating to administration, advertising and public relations were on target, expenditures for planned events did not rise to meet the target as a result of the corona pandemic, which adversely affected the share of costs for activities relating to administration, advertising and public relations.<\/p>\n\n\n\n<h2 class=\"wp-block-heading\"><strong>Auditing<\/strong><\/h2>\n\n\n\n<p>Wikimedia Deutschland voluntarily allows audits of its financial position, financial performance and cash flow as well as its internal processes. The audit of Wikimedia Deutschland &#8211; Gesellschaft zur F\u00f6rderung Freien Wissens&nbsp;e.&nbsp;V. and Gemeinn\u00fctzige Wikimedia F\u00f6rdergesellschaft&nbsp;mbH was conducted in December&nbsp;2020 and March&nbsp;2021 by Curacon&nbsp;GmbH Wirtschaftspr\u00fcfungsgesellschaft. The auditor\u2019s report included an unqualified opinion. According to the auditor\u2019s report, the financial statements of both organizations, <a href=\"https:\/\/commons.wikimedia.org\/wiki\/File:WMDE_BSV_englisch_24074.00_2020.pdf\" target=\"_blank\" rel=\"noreferrer noopener\">Wikimedia Deutschland<\/a> and <a href=\"https:\/\/commons.wikimedia.org\/wiki\/File:WMFG_BSV_englisch_24074.01_2020.pdf\" target=\"_blank\" rel=\"noreferrer noopener\">Wikimedia F\u00f6rdergesellschaft<\/a>, were produced in accordance with the relevant accounting standards and convey a true and fair view of their financial position, financial performance and cash flow. The auditor\u2019s report concluded that the financial statements comply with relevant accounting standards.<\/p>\n","protected":false},"excerpt":{"rendered":"<p>Revenues According to accounting, revenues of 2020 increased to EUR&nbsp;10.6&nbsp;million (compared to EUR&nbsp;9.6&nbsp;million in the previous year). Revenues from membership fees increased significantly to EUR&nbsp;4.0&nbsp;million (previous year: EUR&nbsp;3.6&nbsp;million), as the number of members rose to 80,291 as of December&nbsp;31 (previous year: 73,658). Although the total revenue of donations nominally decreased to EUR&nbsp;3.0&nbsp;million (previous year: EUR&nbsp;3.2&nbsp;million) [&hellip;]<\/p>\n","protected":false},"author":2,"featured_media":778,"parent":0,"menu_order":0,"comment_status":"closed","ping_status":"closed","template":"archive-finanzen.php","meta":{"_acf_changed":false,"footnotes":""},"class_list":["post-398","page","type-page","status-publish","has-post-thumbnail","hentry"],"acf":[],"lang":"en","translations":{"en":398,"de":31},"pll_sync_post":[],"_links":{"self":[{"href":"https:\/\/www.wikimedia.de\/2020\/wp-json\/wp\/v2\/pages\/398","targetHints":{"allow":["GET"]}}],"collection":[{"href":"https:\/\/www.wikimedia.de\/2020\/wp-json\/wp\/v2\/pages"}],"about":[{"href":"https:\/\/www.wikimedia.de\/2020\/wp-json\/wp\/v2\/types\/page"}],"author":[{"embeddable":true,"href":"https:\/\/www.wikimedia.de\/2020\/wp-json\/wp\/v2\/users\/2"}],"replies":[{"embeddable":true,"href":"https:\/\/www.wikimedia.de\/2020\/wp-json\/wp\/v2\/comments?post=398"}],"version-history":[{"count":11,"href":"https:\/\/www.wikimedia.de\/2020\/wp-json\/wp\/v2\/pages\/398\/revisions"}],"predecessor-version":[{"id":650,"href":"https:\/\/www.wikimedia.de\/2020\/wp-json\/wp\/v2\/pages\/398\/revisions\/650"}],"wp:featuredmedia":[{"embeddable":true,"href":"https:\/\/www.wikimedia.de\/2020\/wp-json\/wp\/v2\/media\/778"}],"wp:attachment":[{"href":"https:\/\/www.wikimedia.de\/2020\/wp-json\/wp\/v2\/media?parent=398"}],"curies":[{"name":"wp","href":"https:\/\/api.w.org\/{rel}","templated":true}]}}