{"id":31,"date":"2020-05-18T14:27:22","date_gmt":"2020-05-18T12:27:22","guid":{"rendered":"https:\/\/stage.wikimedia.de\/2020\/?page_id=31"},"modified":"2023-05-25T17:28:55","modified_gmt":"2023-05-25T15:28:55","slug":"finanzen-uebersicht","status":"publish","type":"page","link":"https:\/\/www.wikimedia.de\/2022\/finanzen-uebersicht\/","title":{"rendered":"Finanzen"},"content":{"rendered":"\n<p class=\"has-medium-font-size\"><strong>\u00dcber eine halbe Million Menschen haben uns mit Spenden und Beitr\u00e4gen in H\u00f6he von 19,8 Mio. \u20ac erm\u00f6glicht, einen wichtigen Beitrag zur F\u00f6rderung des Freien Wissens in Deutschland und weltweit zu leisten.<\/strong><\/p>\n\n\n\n<h2 class=\"wp-block-heading\"><strong><strong>Ertr\u00e4ge des Vereins<\/strong><\/strong><\/h2>\n\n\n\n<p>Die H\u00f6he der Ertr\u00e4ge ist 2022 auf 12,7 Millionen Euro gestiegen (zum Vergleich: Im Vorjahr waren es 10,8 Mio. Euro). Sp\u00fcrbar gesteigert haben sich die Ertr\u00e4ge aus Mitgliedsbeitr\u00e4gen auf 5,1 Mio. \u20ac (Vorjahr: 4,6 Mio. Euro), da die Zahl der Mitglieder mit Stand vom 31. Dezember 2022 auf104.833 (Vorjahr: 89.572) stieg. Die Spendenertr\u00e4ge sind nominal auf 3,4 Mio. Euro gestiegen (Vorjahr: 3,2 Mio. Euro). Allerdings werden aufgrund des Rechnungslegungsstandard HFA 21 nur Spenden als Ertrag gebucht, die auch 2022 ausgeben wurden. Die \u00fcbrigen Ertr\u00e4ge sind auf 4,1 Mio. Euro gestiegen (Vorjahr: 2,9 Mio. Euro), da wir im Bereich Technologie mehr Projektf\u00f6rderung von der Wikimedia Foundation erhalten haben.<\/p>\n\n\n\n<h2 class=\"wp-block-heading\"><strong>Aufwendungen des Vereins&nbsp;<\/strong><\/h2>\n\n\n\n<p>Die H\u00f6he der Aufwendungen 2022 stieg auf 12,7 Mio. Euro (Vorjahr: 10,8 Mio. Euro). Steigerungen gab es bei den Personalaufwendungen, die jetzt bei 8 Mio. Euro liegen (Vorjahr: 7,1 Mio. Euro), w\u00e4hrend die betrieblichen Aufwendungen nach der Pandemie wieder auf 4,5 Mio. Euro (Vorjahr 4,0 Mio. Euro) anstiegen. Es konnten wieder vermehrt Veranstaltungen, Kampagnen und Programme durchgef\u00fchrt werden.<\/p>\n\n\n\n<p>Aus der \u00dcbersicht \u201eMittelverwendung\u201c wird die inhaltliche Verwendung der Mittel genauer ersichtlich.<\/p>\n\n\n\n<div class=\"wp-block-buttons is-layout-flex wp-block-buttons-is-layout-flex\">\n<div class=\"wp-block-button\"><a class=\"wp-block-button__link wp-element-button\" href=\"https:\/\/www.wikimedia.de\/2022\/finanzen\/mittelvwerwendung\/\">zur Mittelverwendung<\/a><\/div>\n<\/div>\n\n\n\n<h2 class=\"wp-block-heading\"><strong>Jahresverg\u00fctungen Vorstand und Bereichsleitungen<\/strong><\/h2>\n\n\n\n<p>F\u00fcr dieses Jahr werden erstmalig und zuk\u00fcnftig j\u00e4hrlich die Verg\u00fctungen von Vorstand und Bereichsleitungen ver\u00f6ffentlicht. Die beiden Vorst\u00e4nde haben jeweils 137.855 Euro und die f\u00fcnf Bereichsleitungen jeweils 92.062 Euro erhalten.<\/p>\n\n\n\n<p>Diese Zahlen f\u00fcr die jeweilige Funktion sind auf das Gesamtjahr und bei den Bereichsleitungen sofern Teilzeit auf 40 Wochenstunden hochgerechnet. Sie beinhalten Gehalt und alle weiteren geldwerten Vorteile wie betriebliche Altersvorsorge, BVG-Ticket, Home-Office-Zuschuss und Home-Office- Pauschale (einmalig).<\/p>\n\n\n\n<p>Alle Arbeitnehmenden in Deutschland haben einen Anspruch auf betriebliche Altersversorgung durch Entgeltumwandlung. Wikimedia Deutschland zahlt bis zu 20% hinzu, sofern Arbeitnehmende sich f\u00fcr betriebliche Altersvorsorge entscheiden. Die Vorst\u00e4nde erhalten keine Zusch\u00fcsse zur betrieblichen Altersvorsorge.<\/p>\n\n\n\n<h2 class=\"wp-block-heading\">Noch nicht verbrauchte Spendenmittel \/ R\u00fccklagen<\/h2>\n\n\n\n<p>Wikimedia Deutschland wendet als Rechnungslegungsstandard HFA 21 an. Eine Besonderheit dieses Standards ist, dass Ertr\u00e4ge aus Spenden erst zum Zeitpunkt der Verausgabung der Spenden erfolgswirksam verbucht werden. Daher ist die Position \u201eNoch nicht verbrauchte Spendenmittel\u201c auf der Passivseite der Bilanz ein wichtiger Ma\u00dfstab zur Beurteilung der Finanzsituation von Wikimedia Deutschland. Dieser Betrag ist auf 7,8 Mio. Euro (Vorjahr: 9,3 Mio. Euro) gesunken. (Dies wird allerdings durch einen h\u00f6heren Betrag an in dieser Position bei der WMFG ausgeglichen (s. u.).) Die Summe wird in voller H\u00f6he als steuerliche R\u00fccklage nach \u00a7 62 AO ausgewiesen.<\/p>\n\n\n\n<h2 class=\"wp-block-heading\">Gemeinn\u00fctzige Wikimedia<br>F\u00f6rdergesellschaft mbH (WMFG)<\/h2>\n\n\n\n<p>Der Verein hat eine 100%-ige Tochter, deren ausschlie\u00dflicher Zweck das Einwerben von Spendengeldern zur Weiterleitung ist. Die Gemeinn\u00fctzige Wikimedia F\u00f6rdergesellschaft schlie\u00dft das Jahr wie folgt ab: Der Spendenertrag ist auf 10,6 Mio. Euro gesunken (Vorjahr: 12,8. Euro). Die Personal- und Sachaufwendungen sind gleichbleibend bei 1,5 Mio. Euro (Vorjahr: 1,5 Mio. Euro). Damit konnten 8,8 Mio. Euro (Vorjahr: 8,9 Mio. Euro) an die Wikimedia Foundation in den USA und 0,2 Mio. Euro (Vorjahr: 2,4 Mio. Euro) an den Verein in Deutschland weitergeleitet werden. Noch nicht verbrauchte Spendenmittel in H\u00f6he von 3,4 Mio. Euro stehen der Gesellschaft im Folgejahr zur Verf\u00fcgung (Vorjahr: 0,8 Mio. Euro).<\/p>\n\n\n\n<h2 class=\"wp-block-heading\"><strong>\u00dcbersicht: Ertr\u00e4ge und Mittelverwendung<\/strong><\/h2>\n\n\n\n<p>Der bei Weitem \u00fcberwiegende Teil der Finanzierung von Wikimedia Deutschland sind Spenden und Beitr\u00e4ge von 543.955 Einzelunterst\u00fctzer*innen. Diese 14,7 Mio. Euro in 2022 erhaltenen Spenden und 5,1 Mio. Euro Beitr\u00e4ge erm\u00f6glichen uns finanzielle Sicherheit und Unabh\u00e4ngigkeit. <\/p>\n\n\n\n<p>Wikimedia Deutschland ist wie viele Spenden sammelnde Organisationen bem\u00fcht, dass m\u00f6glichst viel Geld der inhaltlichen Arbeit zugutekommt und m\u00f6glichst wenig Kosten f\u00fcr allgemeine \u00d6ffentlichkeitsarbeit, Werbung und Verwaltung anfallen. Gleichwohl sind Letztere notwendig und sinnvoll, da sie die Mittelverwendung organisieren, sowie Rechenschaft und damit Transparenz erm\u00f6glichen. Die Kosten f\u00fcr allgemeine \u00d6ffentlichkeitsarbeit und Werbung von Wikimedia Deutschland und Gemeinn\u00fctziger Wikimedia F\u00f6rdergesellschaft betrugen 2,9 Mio. Euro im Jahr 2022 (Vorjahr: 2,4 Mio. Euro). Die Verwaltungskosten betrugen 2,2 Mio. Euro (Vorjahr: 2 Mio. Euro). Bei dieser Betrachtungsweise lag der Anteil von Verwaltungskosten und Kosten f\u00fcr Werbung und Allgemeine \u00d6ffentlichkeitsarbeit beider Gesellschaften 2022 bei 22,6 Prozent (Vorjahr: 21,1 Prozent).<\/p>\n\n\n\n<h2 class=\"wp-block-heading\">Wirtschaftspr\u00fcfung<\/h2>\n\n\n\n<p>Wikimedia Deutschland l\u00e4sst die Verm\u00f6gens-, Ertrags-, und Finanzlage sowie interne Abl\u00e4ufe freiwillig pr\u00fcfen. Die Pr\u00fcfung des Wikimedia Deutschland Gesellschaft zur F\u00f6rderung Freien Wissens e. V. und der Gemeinn\u00fctzigen Wikimedia F\u00f6rdergesellschaft mbH erfolgte durch die Solidaris Revisions-GmbH Wirtschaftspr\u00fcfungsgesellschaft und wurde im Dezember 2022 und M\u00e4rz 2023 durchgef\u00fchrt. Es wurde ein uneingeschr\u00e4nkter Best\u00e4tigungsvermerk erteilt. Demnach wurde die Buchf\u00fchrung <a href=\"https:\/\/commons.wikimedia.org\/wiki\/File:Best%C3%A4tigungsvermerk_WMDE_2022.pdf\" data-type=\"URL\" data-id=\"https:\/\/commons.wikimedia.org\/wiki\/File:Best%C3%A4tigungsvermerk_WMDE_2022.pdf\" target=\"_blank\" rel=\"noreferrer noopener\">des Vereins<\/a> und <a href=\"https:\/\/commons.wikimedia.org\/wiki\/File:Best%C3%A4tigungsvermerk_WMFG_2022.pdf\" data-type=\"URL\" data-id=\"https:\/\/commons.wikimedia.org\/wiki\/File:Best%C3%A4tigungsvermerk_WMFG_2022.pdf\" target=\"_blank\" rel=\"noreferrer noopener\">der Gesellschaft<\/a> vollst\u00e4ndig und gewissenhaft vorgenommen und die Pr\u00fcfung hat insgesamt zu keinerlei Einw\u00e4nden gef\u00fchrt.<\/p>\n","protected":false},"excerpt":{"rendered":"<p>\u00dcber eine halbe Million Menschen haben uns mit Spenden und Beitr\u00e4gen in H\u00f6he von 19,8 Mio. \u20ac erm\u00f6glicht, einen wichtigen [&hellip;]<\/p>\n","protected":false},"author":2986,"featured_media":1201,"parent":0,"menu_order":0,"comment_status":"closed","ping_status":"closed","template":"archive-finanzen.php","meta":{"_acf_changed":false,"footnotes":""},"class_list":["post-31","page","type-page","status-publish","has-post-thumbnail","hentry"],"acf":[],"lang":"de","translations":{"de":31,"en":398},"pll_sync_post":[],"_links":{"self":[{"href":"https:\/\/www.wikimedia.de\/2022\/wp-json\/wp\/v2\/pages\/31","targetHints":{"allow":["GET"]}}],"collection":[{"href":"https:\/\/www.wikimedia.de\/2022\/wp-json\/wp\/v2\/pages"}],"about":[{"href":"https:\/\/www.wikimedia.de\/2022\/wp-json\/wp\/v2\/types\/page"}],"author":[{"embeddable":true,"href":"https:\/\/www.wikimedia.de\/2022\/wp-json\/wp\/v2\/users\/2986"}],"replies":[{"embeddable":true,"href":"https:\/\/www.wikimedia.de\/2022\/wp-json\/wp\/v2\/comments?post=31"}],"version-history":[{"count":4,"href":"https:\/\/www.wikimedia.de\/2022\/wp-json\/wp\/v2\/pages\/31\/revisions"}],"predecessor-version":[{"id":1259,"href":"https:\/\/www.wikimedia.de\/2022\/wp-json\/wp\/v2\/pages\/31\/revisions\/1259"}],"wp:featuredmedia":[{"embeddable":true,"href":"https:\/\/www.wikimedia.de\/2022\/wp-json\/wp\/v2\/media\/1201"}],"wp:attachment":[{"href":"https:\/\/www.wikimedia.de\/2022\/wp-json\/wp\/v2\/media?parent=31"}],"curies":[{"name":"wp","href":"https:\/\/api.w.org\/{rel}","templated":true}]}}