{"id":419,"date":"2020-05-18T14:19:14","date_gmt":"2020-05-18T12:19:14","guid":{"rendered":"https:\/\/stage.wikimedia.de\/2020\/?post_type=finanzen&#038;p=17"},"modified":"2025-10-08T12:31:51","modified_gmt":"2025-10-08T10:31:51","slug":"wikimedia-deutschland-e-v","status":"publish","type":"page","link":"https:\/\/www.wikimedia.de\/2023\/finanzen\/wikimedia-deutschland-e-v\/","title":{"rendered":"Wikimedia Deutschland e. V."},"content":{"rendered":"<div class='outer-container'><div class='default'>\n\n<h2 class=\"wp-block-heading\">Bilanz<\/h2>\n\n<\/div><\/div>\n\n\n\n<div class='outer-container'><div class='default'>\n\n<h3 class=\"wp-block-heading\">Aktiva<\/h3>\n\n<\/div><\/div>\n\n\n\n<div class='outer-container'><div class='default'>\n\n<figure class=\"wp-block-table finance-table\"><table><thead><tr><th><\/th><th class=\"has-text-align-right\" data-align=\"right\">31.12.2023<\/th><th class=\"has-text-align-right\" data-align=\"right\">31.12.2022<\/th><th class=\"has-text-align-right\" data-align=\"right\"><strong>31.12.20<\/strong>21<\/th><\/tr><\/thead><tbody><tr><td><strong>Anlageverm\u00f6gen<\/strong><\/td><td class=\"has-text-align-right\" data-align=\"right\"><\/td><td class=\"has-text-align-right\" data-align=\"right\"><\/td><td class=\"has-text-align-right\" data-align=\"right\"><\/td><\/tr><tr><td>Immaterielle Verm\u00f6gensgegenst\u00e4nde<\/td><td class=\"has-text-align-right\" data-align=\"right\">2.574 \u20ac<\/td><td class=\"has-text-align-right\" data-align=\"right\">1.662 \u20ac<\/td><td class=\"has-text-align-right\" data-align=\"right\">5.787 \u20ac<\/td><\/tr><tr><td>Sachanlagen<\/td><td class=\"has-text-align-right\" data-align=\"right\">198.049 \u20ac<\/td><td class=\"has-text-align-right\" data-align=\"right\">320.912 \u20ac<\/td><td class=\"has-text-align-right\" data-align=\"right\">436.553 \u20ac<\/td><\/tr><tr><td>Finanzanlagen<\/td><td class=\"has-text-align-right\" data-align=\"right\">25.655 \u20ac<\/td><td class=\"has-text-align-right\" data-align=\"right\">25.665 \u20ac<\/td><td class=\"has-text-align-right\" data-align=\"right\">25.655 \u20ac<\/td><\/tr><\/tbody><\/table><\/figure>\n\n<\/div><\/div>\n\n\n\n<div class='outer-container'><div class='default'>\n\n<figure class=\"wp-block-table finance-table\"><table><tbody><tr><td><strong>Umlaufverm\u00f6gen<\/strong><\/td><td class=\"has-text-align-right\" data-align=\"right\"><\/td><td class=\"has-text-align-right\" data-align=\"right\"><\/td><td class=\"has-text-align-right\" data-align=\"right\"><\/td><\/tr><tr><td>Forderungen aus Mittelweiter<br>gabeverpflichtungen<\/td><td class=\"has-text-align-right\" data-align=\"right\">0 \u20ac<\/td><td class=\"has-text-align-right\" data-align=\"right\">235.339 \u20ac<\/td><td class=\"has-text-align-right\" data-align=\"right\">2.389.211 \u20ac<\/td><\/tr><tr><td>Forderungen aus Lieferungen<br>und Leistungen<\/td><td class=\"has-text-align-right\" data-align=\"right\">28.838 \u20ac<\/td><td class=\"has-text-align-right\" data-align=\"right\">39.734 \u20ac<\/td><td class=\"has-text-align-right\" data-align=\"right\">57.255 \u20ac<\/td><\/tr><tr><td>Sonstige<br>Verm\u00f6gensgegenst\u00e4nde<\/td><td class=\"has-text-align-right\" data-align=\"right\">335.678 \u20ac<\/td><td class=\"has-text-align-right\" data-align=\"right\">265.652 \u20ac<\/td><td class=\"has-text-align-right\" data-align=\"right\">229.650 \u20ac<\/td><\/tr><tr><td>Wertpapiere<\/td><td class=\"has-text-align-right\" data-align=\"right\">1.241.625 \u20ac<\/td><td class=\"has-text-align-right\" data-align=\"right\">0 \u20ac<\/td><td class=\"has-text-align-right\" data-align=\"right\">0 \u20ac<\/td><\/tr><tr><td>Kassenbestand<br>und Bankguthaben<\/td><td class=\"has-text-align-right\" data-align=\"right\">10.801.374 \u20ac<\/td><td class=\"has-text-align-right\" data-align=\"right\">9.656.716 \u20ac<\/td><td class=\"has-text-align-right\" data-align=\"right\">7.682.809 \u20ac<\/td><\/tr><\/tbody><\/table><\/figure>\n\n<\/div><\/div>\n\n\n\n<div class='outer-container'><div class='default'>\n\n<figure class=\"wp-block-table finance-table\"><table><tbody><tr><td><strong><strong>Rechnungsabgrenzungs-<\/strong><\/strong><br><strong><strong>posten<\/strong><\/strong><\/td><td class=\"has-text-align-right\" data-align=\"right\">46.170 \u20ac<\/td><td class=\"has-text-align-right\" data-align=\"right\">46.189 \u20ac<\/td><td class=\"has-text-align-right\" data-align=\"right\">107.632 \u20ac<\/td><\/tr><\/tbody><\/table><\/figure>\n\n<\/div><\/div>\n\n\n\n<div class='outer-container'><div class='default'>\n\n<figure class=\"wp-block-table finance-table\"><table><tfoot><tr><td><strong><strong>Bilanzsumme<\/strong><\/strong><\/td><td class=\"has-text-align-right\" data-align=\"right\"><strong>12.679.963 \u20ac<\/strong><\/td><td class=\"has-text-align-right\" data-align=\"right\"><strong>10.591.859 \u20ac<\/strong><\/td><td class=\"has-text-align-right\" data-align=\"right\"><strong>10.934.552 \u20ac<\/strong><\/td><\/tr><\/tfoot><\/table><\/figure>\n\n<\/div><\/div>\n\n\n\n<div class='outer-container'><div class='default'>\n\n<div style=\"height:60px\" aria-hidden=\"true\" class=\"wp-block-spacer\"><\/div>\n\n<\/div><\/div>\n\n\n\n<div class='outer-container'><div class='default'>\n\n<h3 class=\"wp-block-heading\">Passiva<\/h3>\n\n<\/div><\/div>\n\n\n\n<div class='outer-container'><div class='default'>\n\n<figure class=\"wp-block-table finance-table\"><table><thead><tr><th><\/th><th class=\"has-text-align-right\" data-align=\"right\"><strong>31.12.202<\/strong>3<\/th><th class=\"has-text-align-right\" data-align=\"right\">31.12.2022<\/th><th class=\"has-text-align-right\" data-align=\"right\">31.12.2021<\/th><\/tr><\/thead><tbody><tr><td><strong>Noch nicht verbrauchte<br>Spendenmittel<\/strong><\/td><td class=\"has-text-align-right\" data-align=\"right\">8.584.155 \u20ac<\/td><td class=\"has-text-align-right\" data-align=\"right\">7.767.460 \u20ac<\/td><td class=\"has-text-align-right\" data-align=\"right\">9.345.855 \u20ac<\/td><\/tr><tr><td><span class=\"has-inline-color has-dark-gray-color\">davon steuerliche R\u00fccklagen nach \u00a762 AO<\/span><\/td><td class=\"has-text-align-right\" data-align=\"right\">8.584.155 \u20ac<\/td><td class=\"has-text-align-right\" data-align=\"right\">7.767.460 \u20ac<\/td><td class=\"has-text-align-right\" data-align=\"right\">9.345.855 \u20ac<\/td><\/tr><\/tbody><\/table><\/figure>\n\n<\/div><\/div>\n\n\n\n<div class='outer-container'><div class='default'>\n\n<figure class=\"wp-block-table finance-table\"><table><tbody><tr><td><strong>R\u00fcckstellungen<\/strong><\/td><td class=\"has-text-align-right\" data-align=\"right\"><\/td><td class=\"has-text-align-right\" data-align=\"right\"><\/td><td class=\"has-text-align-right\" data-align=\"right\"><\/td><\/tr><tr><td>Steuerr\u00fcckstellungen<\/td><td class=\"has-text-align-right\" data-align=\"right\">777 \u20ac<\/td><td class=\"has-text-align-right\" data-align=\"right\">38 \u20ac<\/td><td class=\"has-text-align-right\" data-align=\"right\">33 \u20ac<\/td><\/tr><tr><td>Sonstige R\u00fcckstellungen<\/td><td class=\"has-text-align-right\" data-align=\"right\">893.456 \u20ac<\/td><td class=\"has-text-align-right\" data-align=\"right\">583.260 \u20ac<\/td><td class=\"has-text-align-right\" data-align=\"right\">651.850 \u20ac<\/td><\/tr><\/tbody><\/table><\/figure>\n\n<\/div><\/div>\n\n\n\n<div class='outer-container'><div class='default'>\n\n<figure class=\"wp-block-table finance-table\"><table><tbody><tr><td><strong>Verbindlichkeiten<\/strong><\/td><td class=\"has-text-align-right\" data-align=\"right\"><\/td><td class=\"has-text-align-right\" data-align=\"right\"><\/td><td class=\"has-text-align-right\" data-align=\"right\"><\/td><\/tr><tr><td>Erhaltene Anzahlungen<\/td><td class=\"has-text-align-right\" data-align=\"right\">1.720.184 \u20ac<\/td><td class=\"has-text-align-right\" data-align=\"right\">1.459.025 \u20ac<\/td><td class=\"has-text-align-right\" data-align=\"right\">275.193 \u20ac<\/td><\/tr><tr><td>Aus Lieferungen und Leistungen<\/td><td class=\"has-text-align-right\" data-align=\"right\">275.296 \u20ac<\/td><td class=\"has-text-align-right\" data-align=\"right\">203.084 \u20ac<\/td><td class=\"has-text-align-right\" data-align=\"right\">123.361 \u20ac<\/td><\/tr><tr><td>Verbindlichkeiten gegen\u00fcber<br>Unternehmen, mit denen ein<br>Beteiligungsverh\u00e4ltnis besteht<\/td><td class=\"has-text-align-right\" data-align=\"right\">120.530 \u20ac<\/td><td class=\"has-text-align-right\" data-align=\"right\">0 \u20ac<\/td><td class=\"has-text-align-right\" data-align=\"right\">0 \u20ac<\/td><\/tr><tr><td>Sonstige Verbindlichkeiten<\/td><td class=\"has-text-align-right\" data-align=\"right\">1.085.565 \u20ac<\/td><td class=\"has-text-align-right\" data-align=\"right\">578.992 \u20ac<\/td><td class=\"has-text-align-right\" data-align=\"right\">533.760 \u20ac<\/td><\/tr><\/tbody><\/table><\/figure>\n\n<\/div><\/div>\n\n\n\n<div class='outer-container'><div class='default'>\n\n<figure class=\"wp-block-table finance-table\"><table><tbody><tr><td><strong><strong>Rechnungsabgrenzungsposten<\/strong><\/strong><\/td><td class=\"has-text-align-right\" data-align=\"right\">0 \u20ac<\/td><td class=\"has-text-align-right\" data-align=\"right\">0 \u20ac<\/td><td class=\"has-text-align-right\" data-align=\"right\">4.500 \u20ac<\/td><\/tr><\/tbody><\/table><\/figure>\n\n<\/div><\/div>\n\n\n\n<div class='outer-container'><div class='default'>\n\n<figure class=\"wp-block-table finance-table\"><table><tfoot><tr><td><strong><strong><strong>Bilanzsumme<\/strong><\/strong><\/strong><\/td><td class=\"has-text-align-right\" data-align=\"right\"><strong>12.679.963 \u20ac<\/strong><\/td><td class=\"has-text-align-right\" data-align=\"right\"><strong>10.591.859 \u20ac<\/strong><\/td><td class=\"has-text-align-right\" data-align=\"right\"><strong>10.934.552 \u20ac<\/strong><\/td><\/tr><\/tfoot><\/table><\/figure>\n\n<\/div><\/div>\n\n\n\n<div class='outer-container'><div class='default'>\n\n<h3 class=\"wp-block-heading\">Gewinn- und Verlustrechnung<\/h3>\n\n<\/div><\/div>\n\n\n\n<div class='outer-container'><div class='default'>\n\n<figure class=\"wp-block-table finance-table\"><table><thead><tr><th><\/th><th class=\"has-text-align-right\" data-align=\"right\">31.12.2023<\/th><th class=\"has-text-align-right\" data-align=\"right\">31.12.2022<\/th><th class=\"has-text-align-right\" data-align=\"right\"><strong>31.12.20<\/strong>21<\/th><\/tr><\/thead><tbody><tr><td>Spendenertr\u00e4ge<\/td><td class=\"has-text-align-right\" data-align=\"right\">9.911.780 \u20ac<\/td><td class=\"has-text-align-right\" data-align=\"right\">3.444.931 \u20ac<\/td><td class=\"has-text-align-right\" data-align=\"right\">3.262.144 \u20ac<\/td><\/tr><tr><td>Mitgliedsbeitr\u00e4ge<\/td><td class=\"has-text-align-right\" data-align=\"right\">5.536.268 \u20ac<\/td><td class=\"has-text-align-right\" data-align=\"right\">5.112.661 \u20ac<\/td><td class=\"has-text-align-right\" data-align=\"right\">4.564.575 \u20ac<\/td><\/tr><tr><td>Projektgebundene Zuwendungen<\/td><td class=\"has-text-align-right\" data-align=\"right\">4.998.265 \u20ac<\/td><td class=\"has-text-align-right\" data-align=\"right\">3.953.209 \u20ac<\/td><td class=\"has-text-align-right\" data-align=\"right\">2.740.626 \u20ac<\/td><\/tr><tr><td>Sonstige betriebliche Ertr\u00e4ge<\/td><td class=\"has-text-align-right\" data-align=\"right\">171.329 \u20ac<\/td><td class=\"has-text-align-right\" data-align=\"right\">184.155 \u20ac<\/td><td class=\"has-text-align-right\" data-align=\"right\">200.236 \u20ac<\/td><\/tr><tr><td>Ertr\u00e4ge aus anderen Wertpapieren<br>und sonstige Zinsen<\/td><td class=\"has-text-align-right\" data-align=\"right\">26.911 \u20ac<\/td><td class=\"has-text-align-right\" data-align=\"right\">3.040 \u20ac<\/td><td class=\"has-text-align-right\" data-align=\"right\">12 \u20ac<\/td><\/tr><\/tbody><tfoot><tr><td><strong>Summe Ertr\u00e4ge<\/strong><\/td><td class=\"has-text-align-right\" data-align=\"right\"><strong>20.644.554 \u20ac<\/strong><\/td><td class=\"has-text-align-right\" data-align=\"right\"><strong>12.697.996 \u20ac<\/strong><\/td><td class=\"has-text-align-right\" data-align=\"right\"><strong>10.767.593 \u20ac<\/strong><\/td><\/tr><\/tfoot><\/table><\/figure>\n\n<\/div><\/div>\n\n\n\n<div class='outer-container'><div class='default'>\n\n<figure class=\"wp-block-table finance-table\"><table><tbody><tr><td>Aufwendungen aus Mittelweitergabe<\/td><td class=\"has-text-align-right\" data-align=\"right\">-4.881.256 \u20ac<\/td><td class=\"has-text-align-right\" data-align=\"right\">-420.212 \u20ac<\/td><td class=\"has-text-align-right\" data-align=\"right\">0 \u20ac<\/td><\/tr><tr><td>Personalaufwendungen<\/td><td class=\"has-text-align-right\" data-align=\"right\">-10.212.428 \u20ac<\/td><td class=\"has-text-align-right\" data-align=\"right\">-7.989.290 \u20ac<\/td><td class=\"has-text-align-right\" data-align=\"right\">-7.054.814 \u20ac<\/td><\/tr><tr><td>Abschreibungen<\/td><td class=\"has-text-align-right\" data-align=\"right\">-218.224\u20ac<\/td><td class=\"has-text-align-right\" data-align=\"right\">-230.110 \u20ac<\/td><td class=\"has-text-align-right\" data-align=\"right\">-210.259 \u20ac<\/td><\/tr><tr><td>Sonstige betriebliche Aufwendungen<\/td><td class=\"has-text-align-right\" data-align=\"right\">-5.318.185 \u20ac<\/td><td class=\"has-text-align-right\" data-align=\"right\">-4.056.172 \u20ac<\/td><td class=\"has-text-align-right\" data-align=\"right\">-3.494.467 \u20ac<\/td><\/tr><\/tbody><tfoot><tr><td><strong>Summe Aufwendungen aus<br>gew\u00f6hnlicher Gesch\u00e4ftst\u00e4tigkeit<\/strong><\/td><td class=\"has-text-align-right\" data-align=\"right\"><strong>-20.630.094 \u20ac<\/strong><\/td><td class=\"has-text-align-right\" data-align=\"right\"><strong>-12.695.785 \u20ac<\/strong><\/td><td class=\"has-text-align-right\" data-align=\"right\"><strong>-10.759.540 \u20ac<\/strong><\/td><\/tr><\/tfoot><\/table><\/figure>\n\n<\/div><\/div>\n\n\n\n<div class='outer-container'><div class='default'>\n\n<figure class=\"wp-block-table finance-table\"><table><tbody><tr><td>Abschreibungen auf Finanzanlagen<br>und auf Wertpapiere des Umlaufverm\u00f6gens<\/td><td class=\"has-text-align-right\" data-align=\"right\">-8.375 \u20ac<\/td><td class=\"has-text-align-right\" data-align=\"right\">0 \u20ac<\/td><td class=\"has-text-align-right\" data-align=\"right\">0 \u20ac<\/td><\/tr><tr><td>Zinsen und \u00e4hnliche Aufwendungen<\/td><td class=\"has-text-align-right\" data-align=\"right\">-4.688 \u20ac<\/td><td class=\"has-text-align-right\" data-align=\"right\">-3.726 \u20ac<\/td><td class=\"has-text-align-right\" data-align=\"right\">-8.053 \u20ac<\/td><\/tr><tr><td>Steuern vom Einkommen und Ertrag<\/td><td class=\"has-text-align-right\" data-align=\"right\">-1.396 \u20ac<\/td><td class=\"has-text-align-right\" data-align=\"right\">1.515 \u20ac<\/td><td class=\"has-text-align-right\" data-align=\"right\">0 \u20ac<\/td><\/tr><\/tbody><\/table><\/figure>\n\n<\/div><\/div>\n\n\n\n<div class='outer-container'><div class='default'>\n\n<figure class=\"wp-block-table finance-table\"><table><tbody><tr><td><strong>Jahres\u00fcberschuss<\/strong><\/td><td class=\"has-text-align-right\" data-align=\"right\"><strong>0 \u20ac<\/strong><\/td><td class=\"has-text-align-right\" data-align=\"right\"><strong>0 \u20ac<\/strong><\/td><td class=\"has-text-align-right\" data-align=\"right\"><strong>0 \u20ac<\/strong><\/td><\/tr><tr><td>Einstellungen in<br>satzungsm\u00e4\u00dfige R\u00fccklagen<\/td><td class=\"has-text-align-right\" data-align=\"right\">0 \u20ac<\/td><td class=\"has-text-align-right\" data-align=\"right\">0 \u20ac<\/td><td class=\"has-text-align-right\" data-align=\"right\">0 \u20ac<\/td><\/tr><\/tbody><\/table><\/figure>\n\n<\/div><\/div>","protected":false},"excerpt":{"rendered":"<p>Bilanz Aktiva 31.12.2023 31.12.2022 31.12.2021 Anlageverm\u00f6gen Immaterielle Verm\u00f6gensgegenst\u00e4nde 2.574 \u20ac 1.662 \u20ac 5.787 \u20ac Sachanlagen 198.049 \u20ac 320.912 \u20ac 436.553<a class=\"link\" href=\"https:\/\/www.wikimedia.de\/2023\/finanzen\/wikimedia-deutschland-e-v\/\">\u2026<\/a><\/p>\n","protected":false},"author":4523,"featured_media":0,"parent":304,"menu_order":0,"comment_status":"closed","ping_status":"closed","template":"template-finanzen.php","meta":{"_acf_changed":false,"footnotes":""},"categories":[],"class_list":["post-419","page","type-page","status-publish","hentry"],"acf":[],"lang":"de","translations":{"de":419,"en":402},"pll_sync_post":[],"_links":{"self":[{"href":"https:\/\/www.wikimedia.de\/2023\/wp-json\/wp\/v2\/pages\/419","targetHints":{"allow":["GET"]}}],"collection":[{"href":"https:\/\/www.wikimedia.de\/2023\/wp-json\/wp\/v2\/pages"}],"about":[{"href":"https:\/\/www.wikimedia.de\/2023\/wp-json\/wp\/v2\/types\/page"}],"author":[{"embeddable":true,"href":"https:\/\/www.wikimedia.de\/2023\/wp-json\/wp\/v2\/users\/4523"}],"replies":[{"embeddable":true,"href":"https:\/\/www.wikimedia.de\/2023\/wp-json\/wp\/v2\/comments?post=419"}],"version-history":[{"count":2,"href":"https:\/\/www.wikimedia.de\/2023\/wp-json\/wp\/v2\/pages\/419\/revisions"}],"predecessor-version":[{"id":1230,"href":"https:\/\/www.wikimedia.de\/2023\/wp-json\/wp\/v2\/pages\/419\/revisions\/1230"}],"up":[{"embeddable":true,"href":"https:\/\/www.wikimedia.de\/2023\/wp-json\/wp\/v2\/pages\/304"}],"wp:attachment":[{"href":"https:\/\/www.wikimedia.de\/2023\/wp-json\/wp\/v2\/media?parent=419"}],"wp:term":[{"taxonomy":"category","embeddable":true,"href":"https:\/\/www.wikimedia.de\/2023\/wp-json\/wp\/v2\/categories?post=419"}],"curies":[{"name":"wp","href":"https:\/\/api.w.org\/{rel}","templated":true}]}}