{"id":547,"date":"2024-05-15T13:16:14","date_gmt":"2024-05-15T11:16:14","guid":{"rendered":"https:\/\/www.wikimedia.de\/2023\/?page_id=547"},"modified":"2025-10-08T13:15:21","modified_gmt":"2025-10-08T11:15:21","slug":"fotogalerie","status":"publish","type":"page","link":"https:\/\/www.wikimedia.de\/2023\/fotogalerie\/","title":{"rendered":"Fotogalerie"},"content":{"rendered":"<div class='outer-container'><div class='default'><div class=\"bb-paragraph-block font-inherit  text-xl lg:text-2xl\">\n\t<p>Im Einsatz f\u00fcr Freies Wissen war Wikimedia Deutschland auch 2023 auf zahlreichen Konferenzen, Events und Diskussionsveranstaltungen unterwegs. Hier eine Auswahl.<\/p>\n<\/div>\n<\/div><\/div>\n\n\n\n<div class='outer-container'><div class='default'><div class=\"bb-spacer-block h-5 lg:h-10 \">\n\t\n<\/div>\n\n<\/div><\/div>\n\n\n\n<div class='outer-container'><div class='col-span-12'><div id=\"masonry-grid-block_2bc23211bd245458657313f93c6d6f80\" class=\"block-masonry-grid\">\n    <ul class=\"grid sm:grid-cols-2 lg:grid-cols-3 gap-10 items-start\" x-data x-masonry>\n        \n        <div class=\"border-4 border-black\">\n            <div class=\"relative group\">\n        <img loading=\"lazy\" decoding=\"async\" width=\"683\" height=\"1024\" src=\"https:\/\/www.wikimedia.de\/2023\/wp-content\/uploads\/sites\/38\/2024\/05\/1024px-2023-06-06_Event_Konferenz_re-publica_1DX_5812_by_Stepro-683x1024.jpg\" class=\"\" alt=\"Volker Wissing h\u00e4lt die Forderungen zur Nationalen Bildungsplattform in die Kamera. Neben ihm steht Christian Humborg.\" srcset=\"https:\/\/www.wikimedia.de\/2023\/wp-content\/uploads\/sites\/38\/2024\/05\/1024px-2023-06-06_Event_Konferenz_re-publica_1DX_5812_by_Stepro-683x1024.jpg 683w, https:\/\/www.wikimedia.de\/2023\/wp-content\/uploads\/sites\/38\/2024\/05\/1024px-2023-06-06_Event_Konferenz_re-publica_1DX_5812_by_Stepro-200x300.jpg 200w, https:\/\/www.wikimedia.de\/2023\/wp-content\/uploads\/sites\/38\/2024\/05\/1024px-2023-06-06_Event_Konferenz_re-publica_1DX_5812_by_Stepro-768x1152.jpg 768w, https:\/\/www.wikimedia.de\/2023\/wp-content\/uploads\/sites\/38\/2024\/05\/1024px-2023-06-06_Event_Konferenz_re-publica_1DX_5812_by_Stepro.jpg 1024w\" sizes=\"auto, (max-width: 683px) 100vw, 683px\" \/>                  <div class=\" group-hover:opacity-100 transition duration-300 opacity-0 absolute bottom-0 left-0 w-full bg-black p-2 text-white\">Steffen Pr\u00f6\u00dfdorf, <a href=\"https:\/\/commons.wikimedia.org\/wiki\/File:2023-06-06_Event,_Konferenz,_re-publica_1DX_5812_by_Stepro.jpg\" target=\"_blank\" rel=\"noopener\">2023-06-06 Event, Konferenz, re-publica 1DX 5812 by Stepro<\/a>, <a href=\"https:\/\/creativecommons.org\/licenses\/by-sa\/4.0\/legalcode\" rel=\"license noopener\" target=\"_blank\">CC BY-SA 4.0<\/a><\/div>\n                <\/div>\n                   <div class=\"bg-23-secondary p-2\">Wikimedia Deutschland auf der re:publica 2023 in Berlin: Wikimedia-Vorstand Christian Humborg \u00fcberreichte dem Bundesminister f\u00fcr Digitales und Verkehr, Volker Wissing, unsere Forderungen zur Nationalen Bildungsplattform.<\/div>\n            <\/div>\n            \n        <div class=\"border-4 border-black\">\n            <div class=\"relative group\">\n        <img loading=\"lazy\" decoding=\"async\" width=\"1024\" height=\"699\" src=\"https:\/\/www.wikimedia.de\/2023\/wp-content\/uploads\/sites\/38\/2024\/05\/1024px-Wikimedia-at-ICOM-CC-Valencia-2.jpg\" class=\"\" alt=\"Gruppenfoto am Wikimedia Stand in Valencia.\" srcset=\"https:\/\/www.wikimedia.de\/2023\/wp-content\/uploads\/sites\/38\/2024\/05\/1024px-Wikimedia-at-ICOM-CC-Valencia-2.jpg 1024w, https:\/\/www.wikimedia.de\/2023\/wp-content\/uploads\/sites\/38\/2024\/05\/1024px-Wikimedia-at-ICOM-CC-Valencia-2-300x205.jpg 300w, https:\/\/www.wikimedia.de\/2023\/wp-content\/uploads\/sites\/38\/2024\/05\/1024px-Wikimedia-at-ICOM-CC-Valencia-2-768x524.jpg 768w\" sizes=\"auto, (max-width: 1024px) 100vw, 1024px\" \/>                  <div class=\" group-hover:opacity-100 transition duration-300 opacity-0 absolute bottom-0 left-0 w-full bg-black p-2 text-white\">Foeromeo, CC BY-SA 4.0 , via Wikimedia Commons<\/div>\n                <\/div>\n                   <div class=\"bg-23-primary p-2\">Mitglieder des Wikibase-Teams von Wikimedia Deutschland waren im September zu Gast auf der ICOM-Triennale in Valencia, um Museums-Vertreter*innen die Vorteile der freien Software n\u00e4her zu bringen und neue Kooperationen zu starten. <\/div>\n            <\/div>\n            \n        <div class=\"border-4 border-black\">\n            <div class=\"relative group\">\n        <img loading=\"lazy\" decoding=\"async\" width=\"800\" height=\"533\" src=\"https:\/\/www.wikimedia.de\/2023\/wp-content\/uploads\/sites\/38\/2024\/05\/2023-11-10_Preisverleihung_Wiki_Loves_Monuments_und_Wiki_Loves_Earth_2023_1DX_5665_by_Stepro.jpg\" class=\"\" alt=\"Prof.\u00a0Dr. Ingrid Scheurmann spricht in ein Mikrofon.\" srcset=\"https:\/\/www.wikimedia.de\/2023\/wp-content\/uploads\/sites\/38\/2024\/05\/2023-11-10_Preisverleihung_Wiki_Loves_Monuments_und_Wiki_Loves_Earth_2023_1DX_5665_by_Stepro.jpg 800w, https:\/\/www.wikimedia.de\/2023\/wp-content\/uploads\/sites\/38\/2024\/05\/2023-11-10_Preisverleihung_Wiki_Loves_Monuments_und_Wiki_Loves_Earth_2023_1DX_5665_by_Stepro-300x200.jpg 300w, https:\/\/www.wikimedia.de\/2023\/wp-content\/uploads\/sites\/38\/2024\/05\/2023-11-10_Preisverleihung_Wiki_Loves_Monuments_und_Wiki_Loves_Earth_2023_1DX_5665_by_Stepro-768x512.jpg 768w\" sizes=\"auto, (max-width: 800px) 100vw, 800px\" \/>                  <div class=\" group-hover:opacity-100 transition duration-300 opacity-0 absolute bottom-0 left-0 w-full bg-black p-2 text-white\">Steffen Pr\u00f6\u00dfdorf, <a href=\"https:\/\/commons.wikimedia.org\/wiki\/File:2023-11-10_Preisverleihung_&#039;Wiki_Loves_Monuments&#039;_und_&#039;Wiki_Loves_Earth&#039;_2023_1DX_5665_by_Stepro.jpg\" target=\"_blank\" rel=\"noopener\">2023-11-10 Preisverleihung &#8216;Wiki Loves Monuments&#8217; und &#8216;Wiki Loves Earth&#8217; 2023 1DX 5665 by Stepro<\/a>, <a href=\"https:\/\/creativecommons.org\/licenses\/by-sa\/4.0\/legalcode\" rel=\"license noopener\" target=\"_blank\">CC BY-SA 4.0<\/a><\/div>\n                <\/div>\n                   <div class=\"bg-23-tertiary p-2\">Im November fand in Berlin die Preisverleihung der Fotowettbewerbe Wiki Loves\u00a0Monuments und Wiki Loves Earth statt.\u00a0Neben Preistr\u00e4ger*innen aus der Community waren auch namhafte G\u00e4ste wie Prof.\u00a0Dr. Ingrid Scheurmann (im Bild) und Prof. Dr.\u00a0J\u00f6rg Haspel f\u00fcr die Deutsche Stiftung Denkmalschutz und Dr. Melanie von Orlow von\u00a0der NABU-Landesgesch\u00e4ftsstelle mit dabei.<\/div>\n            <\/div>\n            \n        <div class=\"border-4 border-black\">\n            <div class=\"relative group\">\n        <img loading=\"lazy\" decoding=\"async\" width=\"800\" height=\"535\" src=\"https:\/\/www.wikimedia.de\/2023\/wp-content\/uploads\/sites\/38\/2024\/05\/37th_Chaos_Communication_Congress_Garderobenfoyer_2023-12-30_07.jpg\" class=\"\" alt=\"Foto eines Posters mit dem Wikipedia-Puzzleball.\" srcset=\"https:\/\/www.wikimedia.de\/2023\/wp-content\/uploads\/sites\/38\/2024\/05\/37th_Chaos_Communication_Congress_Garderobenfoyer_2023-12-30_07.jpg 800w, https:\/\/www.wikimedia.de\/2023\/wp-content\/uploads\/sites\/38\/2024\/05\/37th_Chaos_Communication_Congress_Garderobenfoyer_2023-12-30_07-300x201.jpg 300w, https:\/\/www.wikimedia.de\/2023\/wp-content\/uploads\/sites\/38\/2024\/05\/37th_Chaos_Communication_Congress_Garderobenfoyer_2023-12-30_07-768x514.jpg 768w\" sizes=\"auto, (max-width: 800px) 100vw, 800px\" \/>                  <div class=\" group-hover:opacity-100 transition duration-300 opacity-0 absolute bottom-0 left-0 w-full bg-black p-2 text-white\"><a href=\"https:\/\/commons.wikimedia.org\/wiki\/User:GPSLeo\" target=\"_blank\" rel=\"noopener\">Leonhard Lenz<\/a>, <a href=\"https:\/\/commons.wikimedia.org\/wiki\/File:37th_Chaos_Communication_Congress_Garderobenfoyer_2023-12-30_07.jpg\" target=\"_blank\" rel=\"noopener\">37th Chaos Communication Congress Garderobenfoyer 2023-12-30 07<\/a>, <a href=\"https:\/\/creativecommons.org\/publicdomain\/zero\/1.0\/legalcode\" rel=\"license noopener\" target=\"_blank\">CC0 1.0<\/a><\/div>\n                <\/div>\n                   <div class=\"bg-23-primary p-2\">Das Freie Wissen durfte auch beim 37. Chaos Communication Congress in Hamburg nicht fehlen! Wikimedia Deutschland\u00a0war gemeinsam mit Ehrenamtlichen und anderen digitalpolitischen Organisationen vor Ort. Im Mittelpunkt standen aktuelle\u00a0technologische und digitalpolitische Entwicklungen.<\/div>\n            <\/div>\n            \n        <div class=\"border-4 border-black\">\n            <div class=\"relative group\">\n        <img loading=\"lazy\" decoding=\"async\" width=\"1024\" height=\"768\" src=\"https:\/\/www.wikimedia.de\/2023\/wp-content\/uploads\/sites\/38\/2024\/05\/Heike_Gleibs_at_EduWiki_Conference_2023_79-1024x768.jpg\" class=\"\" alt=\"Heike Gleibs steht vor einem Schild mit der Aufschrift &quot;EDU WIKI. Belgrade 2023&quot; und den Logos von Wikipedia &amp; Education User Group, Wikimedia Serbien und der Wikimedia Foundation.\" srcset=\"https:\/\/www.wikimedia.de\/2023\/wp-content\/uploads\/sites\/38\/2024\/05\/Heike_Gleibs_at_EduWiki_Conference_2023_79-1024x768.jpg 1024w, https:\/\/www.wikimedia.de\/2023\/wp-content\/uploads\/sites\/38\/2024\/05\/Heike_Gleibs_at_EduWiki_Conference_2023_79-300x225.jpg 300w, https:\/\/www.wikimedia.de\/2023\/wp-content\/uploads\/sites\/38\/2024\/05\/Heike_Gleibs_at_EduWiki_Conference_2023_79-768x576.jpg 768w, https:\/\/www.wikimedia.de\/2023\/wp-content\/uploads\/sites\/38\/2024\/05\/Heike_Gleibs_at_EduWiki_Conference_2023_79-1536x1152.jpg 1536w, https:\/\/www.wikimedia.de\/2023\/wp-content\/uploads\/sites\/38\/2024\/05\/Heike_Gleibs_at_EduWiki_Conference_2023_79-2048x1536.jpg 2048w\" sizes=\"auto, (max-width: 1024px) 100vw, 1024px\" \/>                  <div class=\" group-hover:opacity-100 transition duration-300 opacity-0 absolute bottom-0 left-0 w-full bg-black p-2 text-white\"><a href=\"https:\/\/commons.wikimedia.org\/wiki\/User:Mickey_Mystique\" target=\"_blank\" rel=\"noopener\">Mickey Mystique<\/a>, <a href=\"https:\/\/commons.wikimedia.org\/wiki\/File:Heike_Gleibs_at_EduWiki_Conference_2023_79.jpg\" target=\"_blank\" rel=\"noopener\">Heike Gleibs at EduWiki Conference 2023 79<\/a>, <a href=\"https:\/\/creativecommons.org\/licenses\/by-sa\/4.0\/legalcode\" rel=\"license noopener\" target=\"_blank\">CC BY-SA 4.0<\/a><\/div>\n                <\/div>\n                   <div class=\"bg-23-tertiary p-2\">Wie offen und fair sind\u00a0digitale Lern- und Bildungsplattformen und wie k\u00f6nnen\u00a0wir als Teil der Open-Education-Bewegung politische\u00a0und technologische Entscheidungen beeinflussen?\u00a0Dar\u00fcber sprach Heike Gleibs von Wikimedia Deutschland bei der EduWiki Conference in Belgrad.<\/div>\n            <\/div>\n            \n        <div class=\"border-4 border-black\">\n            <div class=\"relative group\">\n        <img loading=\"lazy\" decoding=\"async\" width=\"1024\" height=\"678\" src=\"https:\/\/www.wikimedia.de\/2023\/wp-content\/uploads\/sites\/38\/2024\/05\/1024px-Wikibase_Workshop_Participants_8.jpg\" class=\"\" alt=\"Gruppenfoto vor einer Universit\u00e4tsbibliothek in Nigeria.\" srcset=\"https:\/\/www.wikimedia.de\/2023\/wp-content\/uploads\/sites\/38\/2024\/05\/1024px-Wikibase_Workshop_Participants_8.jpg 1024w, https:\/\/www.wikimedia.de\/2023\/wp-content\/uploads\/sites\/38\/2024\/05\/1024px-Wikibase_Workshop_Participants_8-300x199.jpg 300w, https:\/\/www.wikimedia.de\/2023\/wp-content\/uploads\/sites\/38\/2024\/05\/1024px-Wikibase_Workshop_Participants_8-768x509.jpg 768w\" sizes=\"auto, (max-width: 1024px) 100vw, 1024px\" \/>                  <div class=\" group-hover:opacity-100 transition duration-300 opacity-0 absolute bottom-0 left-0 w-full bg-black p-2 text-white\"><a href=\"https:\/\/commons.wikimedia.org\/wiki\/User:Omorodion1\" target=\"_blank\" rel=\"noopener\">Omorodion1<\/a>, <a href=\"https:\/\/commons.wikimedia.org\/wiki\/File:Wikibase_Workshop_Participants_8.jpg\" target=\"_blank\" rel=\"noopener\">Wikibase Workshop Participants 8<\/a>, <a href=\"https:\/\/creativecommons.org\/licenses\/by-sa\/4.0\/legalcode\" rel=\"license noopener\" target=\"_blank\">CC BY-SA 4.0<\/a><\/div>\n                <\/div>\n                   <div class=\"bg-23-secondary p-2\">Beim Wikibase-Workshop in Nigeria lernten Bibliothekar*innen, wie sie die freie Software in ihren Instituten einsetzen k\u00f6nnen. Die Teilnehmenden wurden von Wikimedia Deutschland trainiert und gaben ihr Wissen anschlie\u00dfend an Kolleg*innen weiter.<\/div>\n            <\/div>\n            \n        <div class=\"border-4 border-black\">\n            <div class=\"relative group\">\n        <img loading=\"lazy\" decoding=\"async\" width=\"800\" height=\"533\" src=\"https:\/\/www.wikimedia.de\/2023\/wp-content\/uploads\/sites\/38\/2024\/05\/Wiki_132_of_133-1.jpg\" class=\"\" alt=\"Gruppenbild von den Teilnehmenden der Wikimedia Europe-Generalversammlung in Prag.\" srcset=\"https:\/\/www.wikimedia.de\/2023\/wp-content\/uploads\/sites\/38\/2024\/05\/Wiki_132_of_133-1.jpg 800w, https:\/\/www.wikimedia.de\/2023\/wp-content\/uploads\/sites\/38\/2024\/05\/Wiki_132_of_133-1-300x200.jpg 300w, https:\/\/www.wikimedia.de\/2023\/wp-content\/uploads\/sites\/38\/2024\/05\/Wiki_132_of_133-1-768x512.jpg 768w\" sizes=\"auto, (max-width: 800px) 100vw, 800px\" \/>                  <div class=\" group-hover:opacity-100 transition duration-300 opacity-0 absolute bottom-0 left-0 w-full bg-black p-2 text-white\"><a href=\"https:\/\/commons.wikimedia.org\/wiki\/User:Petrfotimespolu\" target=\"_blank\" rel=\"noopener\">Petr Freitag<\/a>, <a href=\"https:\/\/commons.wikimedia.org\/wiki\/File:Wiki_(132_of_133).jpg#\" target=\"_blank\" rel=\"noopener\">Wiki (132 of 133)<\/a>, <a href=\"https:\/\/creativecommons.org\/licenses\/by-sa\/4.0\/legalcode\" rel=\"license noopener\" target=\"_blank\">CC BY-SA 4.0<\/a><\/div>\n                <\/div>\n                   <div class=\"bg-23-primary p-2\">Zur Generalversammlung von Wikimedia Europe reiste im Juni auch eine Gruppe von Wikimedia Deutschland nach Prag. Gemeinsam mit Wikimedia-Vertreter*innen aus ganz Europa wurden die n\u00e4chsten Ziele f\u00fcr Wikimedia Europe gesteckt. <\/div>\n            <\/div>\n            \n        <div class=\"border-4 border-black\">\n            <div class=\"relative group\">\n        <img loading=\"lazy\" decoding=\"async\" width=\"1024\" height=\"768\" src=\"https:\/\/www.wikimedia.de\/2023\/wp-content\/uploads\/sites\/38\/2024\/05\/Heinrich-Boell-Stiftung-1-1024x768.jpg\" class=\"\" alt=\"Vier Menschen sitzen auf einer B\u00fchne und diskutieren.\" srcset=\"https:\/\/www.wikimedia.de\/2023\/wp-content\/uploads\/sites\/38\/2024\/05\/Heinrich-Boell-Stiftung-1-1024x768.jpg 1024w, https:\/\/www.wikimedia.de\/2023\/wp-content\/uploads\/sites\/38\/2024\/05\/Heinrich-Boell-Stiftung-1-300x225.jpg 300w, https:\/\/www.wikimedia.de\/2023\/wp-content\/uploads\/sites\/38\/2024\/05\/Heinrich-Boell-Stiftung-1-768x576.jpg 768w, https:\/\/www.wikimedia.de\/2023\/wp-content\/uploads\/sites\/38\/2024\/05\/Heinrich-Boell-Stiftung-1.jpg 1252w\" sizes=\"auto, (max-width: 1024px) 100vw, 1024px\" \/>                  <div class=\" group-hover:opacity-100 transition duration-300 opacity-0 absolute bottom-0 left-0 w-full bg-black p-2 text-white\">Lara Mieg, Wikimedia Deutschland, CC BY-SA 4.0 <\/div>\n                <\/div>\n                   <div class=\"bg-23-tertiary p-2\">Wie kann Digitalisierung gemeinwohlorientierter werden? Um diese Frage ging es bei einer Veranstaltung in der Heinrich B\u00f6ll Stiftung in Berlin. Moderiert hat die Diskussion Datenexpertin Aline Blankertz von Wikimedia Deutschland (rechts). Sie hat 8 Indikatoren entwickelt, an denen sich die Digitalpolitik f\u00fcr das Gemeinwohl orientieren soll.<\/div>\n            <\/div>\n            \n        <div class=\"border-4 border-black\">\n            <div class=\"relative group\">\n        <img loading=\"lazy\" decoding=\"async\" width=\"1024\" height=\"683\" src=\"https:\/\/www.wikimedia.de\/2023\/wp-content\/uploads\/sites\/38\/2024\/05\/1024px-Wiki_Loves_Broadcast_bei_der_tagesschau_ARD.jpg\" class=\"\" alt=\"Ein Gruppenfoto vor dem ARD-Geb\u00e4ude.\" srcset=\"https:\/\/www.wikimedia.de\/2023\/wp-content\/uploads\/sites\/38\/2024\/05\/1024px-Wiki_Loves_Broadcast_bei_der_tagesschau_ARD.jpg 1024w, https:\/\/www.wikimedia.de\/2023\/wp-content\/uploads\/sites\/38\/2024\/05\/1024px-Wiki_Loves_Broadcast_bei_der_tagesschau_ARD-300x200.jpg 300w, https:\/\/www.wikimedia.de\/2023\/wp-content\/uploads\/sites\/38\/2024\/05\/1024px-Wiki_Loves_Broadcast_bei_der_tagesschau_ARD-768x512.jpg 768w\" sizes=\"auto, (max-width: 1024px) 100vw, 1024px\" \/>                  <div class=\" group-hover:opacity-100 transition duration-300 opacity-0 absolute bottom-0 left-0 w-full bg-black p-2 text-white\"><a href=\"https:\/\/commons.wikimedia.org\/wiki\/User:Jan-David_Franke_(WMDE)\" target=\"_blank\" rel=\"noopener\">Jan-David Franke (WMDE)<\/a>, <a href=\"https:\/\/commons.wikimedia.org\/wiki\/File:Wiki_Loves_Broadcast_bei_der_tagesschau_(ARD).jpg\" target=\"_blank\" rel=\"noopener\">Wiki Loves Broadcast bei der tagesschau (ARD)<\/a>, <a href=\"https:\/\/creativecommons.org\/licenses\/by-sa\/4.0\/legalcode\" rel=\"license noopener\" target=\"_blank\">CC BY-SA 4.0<\/a><\/div>\n                <\/div>\n                   <div class=\"bg-23-secondary p-2\">Wie kann der \u00f6ffentlich-rechtliche Rundfunk mehr Inhalte unter freie Lizenz stellen? Darum ging es im Januar bei einem mehrt\u00e4gigen Treffen mit der Redaktion der tagesschau. Mit dabei Ehrenamtliche des Wikimedia-Projekts \u00bbWiki Loves Broadcast\u00ab und Jan-David Franke von Wikimedia Deutschland (2.v.r).<\/div>\n            <\/div>\n            \n        <div class=\"border-4 border-black\">\n            <div class=\"relative group\">\n        <img loading=\"lazy\" decoding=\"async\" width=\"498\" height=\"1024\" src=\"https:\/\/www.wikimedia.de\/2023\/wp-content\/uploads\/sites\/38\/2024\/05\/20231121_131102-1-498x1024.jpg\" class=\"\" alt=\"Gruppenfoto auf einer Treppe.\" srcset=\"https:\/\/www.wikimedia.de\/2023\/wp-content\/uploads\/sites\/38\/2024\/05\/20231121_131102-1-498x1024.jpg 498w, https:\/\/www.wikimedia.de\/2023\/wp-content\/uploads\/sites\/38\/2024\/05\/20231121_131102-1-146x300.jpg 146w, https:\/\/www.wikimedia.de\/2023\/wp-content\/uploads\/sites\/38\/2024\/05\/20231121_131102-1-768x1580.jpg 768w, https:\/\/www.wikimedia.de\/2023\/wp-content\/uploads\/sites\/38\/2024\/05\/20231121_131102-1-747x1536.jpg 747w, https:\/\/www.wikimedia.de\/2023\/wp-content\/uploads\/sites\/38\/2024\/05\/20231121_131102-1-996x2048.jpg 996w, https:\/\/www.wikimedia.de\/2023\/wp-content\/uploads\/sites\/38\/2024\/05\/20231121_131102-1-scaled.jpg 1244w\" sizes=\"auto, (max-width: 498px) 100vw, 498px\" \/>                  <div class=\" group-hover:opacity-100 transition duration-300 opacity-0 absolute bottom-0 left-0 w-full bg-black p-2 text-white\">Auftakttreffen OERinfo, CC0<\/div>\n                <\/div>\n                   <div class=\"bg-23-tertiary p-2\">Sarah-Isabella Behrens von Wikimedia Deutschland ist\u00a0Mitglied des Beirates von OERinfo. Das nationale Community-Portal wird vom Bundesbildungsministerium\u00a0gef\u00f6rdert und setzt sich f\u00fcr die St\u00e4rkung von Open Educational Resources und deren Community ein. Hier ein Foto vom Auftakttreffen 2023 in Frankfurt.<\/div>\n            <\/div>\n            \n        <div class=\"border-4 border-black\">\n            <div class=\"relative group\">\n        <img loading=\"lazy\" decoding=\"async\" width=\"1024\" height=\"597\" src=\"https:\/\/www.wikimedia.de\/2023\/wp-content\/uploads\/sites\/38\/2024\/05\/Uebergabe_Position_digitaler_Zivilgesellschaft_zum_Global_Digital_Compact_2023-1440x839-1-1024x597.jpeg\" class=\"\" alt=\"Gruppenfoto mit f\u00fcnf Personen. Zwei Personen halten ein Dokument in die Kamera.\" srcset=\"https:\/\/www.wikimedia.de\/2023\/wp-content\/uploads\/sites\/38\/2024\/05\/Uebergabe_Position_digitaler_Zivilgesellschaft_zum_Global_Digital_Compact_2023-1440x839-1-1024x597.jpeg 1024w, https:\/\/www.wikimedia.de\/2023\/wp-content\/uploads\/sites\/38\/2024\/05\/Uebergabe_Position_digitaler_Zivilgesellschaft_zum_Global_Digital_Compact_2023-1440x839-1-300x175.jpeg 300w, https:\/\/www.wikimedia.de\/2023\/wp-content\/uploads\/sites\/38\/2024\/05\/Uebergabe_Position_digitaler_Zivilgesellschaft_zum_Global_Digital_Compact_2023-1440x839-1-768x447.jpeg 768w, https:\/\/www.wikimedia.de\/2023\/wp-content\/uploads\/sites\/38\/2024\/05\/Uebergabe_Position_digitaler_Zivilgesellschaft_zum_Global_Digital_Compact_2023-1440x839-1.jpeg 1440w\" sizes=\"auto, (max-width: 1024px) 100vw, 1024px\" \/>                  <div class=\" group-hover:opacity-100 transition duration-300 opacity-0 absolute bottom-0 left-0 w-full bg-black p-2 text-white\">Lilli Iliev (WMDE), \u00dcbergabe Position digitaler Zivilgesellschaft zum Global Digital Compact 2023, CC BY-SA 4.0<\/div>\n                <\/div>\n                   <div class=\"bg-23-secondary p-2\">Friederike von Franqu\u00e9 von Wikimedia Deutschland\u00a0(2.v.l.) \u00fcbergibt mit Mitstreiter*innen aus der Zivilgesellschaft die gemeinsam erarbeiteten Forderungen\u00a0zum Global Digital Compact an Irina Soeffky vom Bundesministerium f\u00fcr Digitales und Verkehr (Mitte) und\u00a0Regine Grienberger vom Ausw\u00e4rtigen Amt (2.v.r).<\/div>\n            <\/div>\n            \n        <div class=\"border-4 border-black\">\n            <div class=\"relative group\">\n        <img loading=\"lazy\" decoding=\"async\" width=\"800\" height=\"533\" src=\"https:\/\/www.wikimedia.de\/2023\/wp-content\/uploads\/sites\/38\/2024\/05\/Rp23wiki-403-1.jpg\" class=\"\" alt=\"Drei Personen sitzen lachend zusammen.\" srcset=\"https:\/\/www.wikimedia.de\/2023\/wp-content\/uploads\/sites\/38\/2024\/05\/Rp23wiki-403-1.jpg 800w, https:\/\/www.wikimedia.de\/2023\/wp-content\/uploads\/sites\/38\/2024\/05\/Rp23wiki-403-1-300x200.jpg 300w, https:\/\/www.wikimedia.de\/2023\/wp-content\/uploads\/sites\/38\/2024\/05\/Rp23wiki-403-1-768x512.jpg 768w\" sizes=\"auto, (max-width: 800px) 100vw, 800px\" \/>                  <div class=\" group-hover:opacity-100 transition duration-300 opacity-0 absolute bottom-0 left-0 w-full bg-black p-2 text-white\"><a href=\"https:\/\/commons.wikimedia.org\/wiki\/User:Ekvidi\" target=\"_blank\" rel=\"noopener\">Ekvidi for Wikimedia<\/a>, <a href=\"https:\/\/commons.wikimedia.org\/wiki\/File:Rp23wiki-403.jpg\" target=\"_blank\" rel=\"noopener\">Rp23wiki-403<\/a>, <a href=\"https:\/\/creativecommons.org\/licenses\/by-sa\/4.0\/legalcode\" rel=\"license noopener\" target=\"_blank\">CC BY-SA 4.0<\/a><\/div>\n                <\/div>\n                   <div class=\"bg-23-primary p-2\">Auch auf der re:publica zu Gast: Bundesfamilienministerin Lisa Paus. Hier im Gespr\u00e4ch mit Katarina Perani\u0107 (Vorst\u00e4ndin der Deutschen Stiftung f\u00fcr Engagement und Ehrenamt) und Wikimedia-Vorstand Christian Humborg zum Thema Ehrenamtsstrategie.<\/div>\n            <\/div>\n          <\/ul>\n  <\/div><\/div><\/div>","protected":false},"excerpt":{"rendered":"","protected":false},"author":3,"featured_media":0,"parent":0,"menu_order":0,"comment_status":"closed","ping_status":"closed","template":"","meta":{"_acf_changed":false,"footnotes":""},"categories":[],"class_list":["post-547","page","type-page","status-publish","hentry"],"acf":[],"lang":"de","translations":{"de":547,"en":886},"pll_sync_post":[],"_links":{"self":[{"href":"https:\/\/www.wikimedia.de\/2023\/wp-json\/wp\/v2\/pages\/547","targetHints":{"allow":["GET"]}}],"collection":[{"href":"https:\/\/www.wikimedia.de\/2023\/wp-json\/wp\/v2\/pages"}],"about":[{"href":"https:\/\/www.wikimedia.de\/2023\/wp-json\/wp\/v2\/types\/page"}],"author":[{"embeddable":true,"href":"https:\/\/www.wikimedia.de\/2023\/wp-json\/wp\/v2\/users\/3"}],"replies":[{"embeddable":true,"href":"https:\/\/www.wikimedia.de\/2023\/wp-json\/wp\/v2\/comments?post=547"}],"version-history":[{"count":4,"href":"https:\/\/www.wikimedia.de\/2023\/wp-json\/wp\/v2\/pages\/547\/revisions"}],"predecessor-version":[{"id":1249,"href":"https:\/\/www.wikimedia.de\/2023\/wp-json\/wp\/v2\/pages\/547\/revisions\/1249"}],"wp:attachment":[{"href":"https:\/\/www.wikimedia.de\/2023\/wp-json\/wp\/v2\/media?parent=547"}],"wp:term":[{"taxonomy":"category","embeddable":true,"href":"https:\/\/www.wikimedia.de\/2023\/wp-json\/wp\/v2\/categories?post=547"}],"curies":[{"name":"wp","href":"https:\/\/api.w.org\/{rel}","templated":true}]}}