{"id":113,"date":"2023-11-22T11:57:01","date_gmt":"2023-11-22T10:57:01","guid":{"rendered":"\/\/localhost:3000\/bildungsraum\/?page_id=113"},"modified":"2024-11-12T14:08:14","modified_gmt":"2024-11-12T13:08:14","slug":"gemeinwohl-anforderungen","status":"publish","type":"page","link":"https:\/\/www.wikimedia.de\/bildungsraum\/gemeinwohl-anforderungen\/","title":{"rendered":"Gemeinwohl-Anforderungen"},"content":{"rendered":"<div class='outer-container'><div class='default'>\n\n<div class=\"wp-block-columns is-layout-flex wp-container-core-columns-is-layout-9d6595d7 wp-block-columns-is-layout-flex\">\n\n<div class=\"wp-block-column is-layout-flow wp-block-column-is-layout-flow\" style=\"flex-basis:66.66%\"><div class=\"bb-paragraph-block font-inherit  text-base lg:text-xl\">\n\t<p>Seit vielen Jahren setzt sich Wikimedia Deutschland e. V. daf\u00fcr ein, dass politische Akteur*innen Digitalpolitik auch als Gesellschaftspolitik begreifen und die Digitalisierung gemeinwohlorientiert gestalten. Doch was bedeutet das f\u00fcr den politischen Prozess und mit Blick auf das Ergebnis eines digitalpolitischen Vorhabens? Wie wird Gemeinwohl langfristig verankert?<\/p>\n<\/div>\n\n\n\n\n<div class=\"bb-spacer-block h-5 lg:h-10 \">\n\t\n<\/div>\n\n\n\n\n\n<div class=\"bb-blockquote-block relative gap-5 md:grid md:grid-cols-4 mb-10\">\n      <div>\n    <div class=\"aspect-h-1 aspect-w-1 mb-2\">\n      <img loading=\"lazy\" decoding=\"async\" width=\"300\" height=\"300\" src=\"https:\/\/www.wikimedia.de\/bildungsraum\/wp-content\/uploads\/sites\/33\/2024\/11\/Aline-Blankertz-300x300.png\" class=\"bg-primary-100 rounded-2xl\" alt=\"Portrait von Aline Blankertz\" srcset=\"https:\/\/www.wikimedia.de\/bildungsraum\/wp-content\/uploads\/sites\/33\/2024\/11\/Aline-Blankertz-300x300.png 300w, https:\/\/www.wikimedia.de\/bildungsraum\/wp-content\/uploads\/sites\/33\/2024\/11\/Aline-Blankertz-150x150.png 150w, https:\/\/www.wikimedia.de\/bildungsraum\/wp-content\/uploads\/sites\/33\/2024\/11\/Aline-Blankertz.png 600w\" sizes=\"auto, (max-width: 300px) 100vw, 300px\" \/>    <\/div>\n  <\/div>\n    <div class=\"col-span-3 flex gap-3\">\n    <div class=\"w-16\">\n      <span class='bb-icon icon-xxl'><?xml version=\"1.0\" encoding=\"utf-8\"?>\n<svg width=\"24\" height=\"24\" fill=\"none\" viewBox=\"0 0 24 24\" xmlns=\"http:\/\/www.w3.org\/2000\/svg\" role=\"presentation\" aria-hidden=\"true\">\n  <path d=\"M4.32086 19L6.97937 8.25806L7.75859 11.8871C6.68908 11.8871 5.78762 11.5323 5.05424 10.8226C4.35141 10.1129 4 9.16129 4 7.96774C4 6.77419 4.35141 5.82258 5.05424 5.1129C5.78762 4.37097 6.6738 4 7.71276 4C8.78228 4 9.66845 4.37097 10.3713 5.1129C11.0741 5.85484 11.4255 6.80645 11.4255 7.96774C11.4255 8.32258 11.395 8.69355 11.3338 9.08064C11.3033 9.43548 11.2116 9.85484 11.0588 10.3387C10.9366 10.7903 10.7227 11.3871 10.4171 12.129L8.03361 19H4.32086ZM14.0382 19L16.6967 8.25806L17.4759 11.8871C16.4064 11.8871 15.505 11.5323 14.7716 10.8226C14.0688 10.1129 13.7173 9.16129 13.7173 7.96774C13.7173 6.77419 14.0688 5.82258 14.7716 5.1129C15.505 4.37097 16.3911 4 17.4301 4C18.4996 4 19.3858 4.37097 20.0886 5.1129C20.7914 5.85484 21.1429 6.80645 21.1429 7.96774C21.1429 8.32258 21.1123 8.69355 21.0512 9.08064C21.0206 9.43548 20.929 9.85484 20.7762 10.3387C20.6539 10.7903 20.44 11.3871 20.1345 12.129L17.751 19H14.0382Z\" fill=\"currentColor\"\/>\n<\/svg><\/span>    <\/div>\n    <div>\n    <blockquote class=\"text-2xl lg:text-3xl leading-tight font-normal\">\n    Digitalpolitische Vorhaben m\u00fcssen sich an konkreten Anforderungen messen lassen. So l\u00e4sst sich beurteilen, inwiefern sie zum Gemeinwohl beitragen, und aufzeigen, an welchen Stellen L\u00fccken bestehen.    <\/blockquote>\n    <cite class=\"mt-5 font-bold block\">Aline Blankertz, Referentin Politik und \u00f6ffentlicher Sektor, Wikimedia Deutschland e. V.<\/cite>\n        <\/div>\n  <\/div>\n<\/div><\/div>\n\n\n\n\n\n\n\n<div class=\"wp-block-column is-layout-flow wp-block-column-is-layout-flow\" style=\"flex-basis:33.33%\">\n<div class=\"bb-image-block my-4\">\n        <a href=\"https:\/\/www.wikimedia.de\/gemeinwohl-in-der-digitalpolitik\/\">    <figure class=\"portrait flex justify-center max-h-screen relative overflow-hidden   no_caption\" role=\"group\">\n        <img loading=\"lazy\" decoding=\"async\" width=\"548\" height=\"777\" src=\"https:\/\/www.wikimedia.de\/bildungsraum\/wp-content\/uploads\/sites\/33\/2024\/10\/Deckblatt_Gemeinwohl-Anforderungen.png\" class=\"h-full w-auto\" alt=\"\" sizes=\"auto,  \" srcset=\"https:\/\/www.wikimedia.de\/bildungsraum\/wp-content\/uploads\/sites\/33\/2024\/10\/Deckblatt_Gemeinwohl-Anforderungen.png 548w, https:\/\/www.wikimedia.de\/bildungsraum\/wp-content\/uploads\/sites\/33\/2024\/10\/Deckblatt_Gemeinwohl-Anforderungen-212x300.png 212w\" \/>            <\/figure>\n    <\/a><\/div><\/div>\n\n<\/div>\n\n<\/div><\/div>\n\n\n\n<div class='outer-container'><div class='default'>\n\n<div data-anchor-title=\"\" class=\"bb-headline-block\">\n\t<div class=\"anchor-offset\" id=\"\"><\/div>\n\t\t\t<h3 class=\"default \">\n\t\t\t<span class=\"\">\n\t\t\t\tAnforderungen an gemeinwohlorientierte Digitalpolitik\t\t\t<\/span>\n\t\t<\/h3>\n\t<\/div>\n<\/div><\/div>\n\n\n\n<div class='outer-container'><div class='default'><div class=\"bb-paragraph-block font-inherit  text-base lg:text-xl\">\n\t<p>Wikimedia Deutschland e. V. hat mit Perspektiven aus Verwaltung, Verb\u00e4nden, Wissenschaft, Politik und Wirtschaft acht Anforderungen an gemeinwohlorientierte Digitalpolitik entwickelt. Digitalpolitische Vorhaben m\u00fcssen sich an konkreten Anforderungen messen lassen. So l\u00e4sst sich beurteilen, inwiefern sie zum Gemeinwohl beitragen, und aufzeigen, an welchen Stellen L\u00fccken bestehen. Das Gemeinwohl kommt \u00fcber den Prozess der Ausgestaltung und \u00fcber das Ergebnis von Vorhaben in die Digitalpolitik. Um sich ver\u00e4ndernden Vorstellungen von Gemeinwohl gerecht zu werden, braucht es zudem Mechanismen zur dynamischen Anpassung.<\/p>\n<\/div>\n<\/div><\/div>\n\n\n\n<div class='outer-container'><div class='default'>\n<div class=\"bb-image-block my-4\">\n            <figure class=\"flex flex-col relative  no_caption\" role=\"group\">\n        <img loading=\"lazy\" decoding=\"async\" width=\"906\" height=\"658\" src=\"https:\/\/www.wikimedia.de\/bildungsraum\/wp-content\/uploads\/sites\/33\/2024\/10\/Bildschirmfoto-vom-2024-10-31-14-53-53.png\" class=\"w-full h-auto \" alt=\"Dynamische Dimension von Gemeinwohlorientierung\" sizes=\"auto,  \" srcset=\"https:\/\/www.wikimedia.de\/bildungsraum\/wp-content\/uploads\/sites\/33\/2024\/10\/Bildschirmfoto-vom-2024-10-31-14-53-53.png 906w, https:\/\/www.wikimedia.de\/bildungsraum\/wp-content\/uploads\/sites\/33\/2024\/10\/Bildschirmfoto-vom-2024-10-31-14-53-53-300x218.png 300w, https:\/\/www.wikimedia.de\/bildungsraum\/wp-content\/uploads\/sites\/33\/2024\/10\/Bildschirmfoto-vom-2024-10-31-14-53-53-768x558.png 768w\" \/>            <\/figure>\n    <\/div><\/div><\/div>\n\n\n\n<div class='outer-container'><div class='default'><div class=\"bb-paragraph-block font-inherit  text-base\">\n\t<p>Abbildung: Schaubild zur Strukturierung der acht Gemeinwohl-Anforderungen von Wikimedia Deutschland e. V.<\/p>\n<\/div>\n<\/div><\/div>\n\n\n\n<div class='outer-container'><div class='default'><div class=\"bb-spacer-block h-5 lg:h-10 \">\n\t\n<\/div>\n\n<\/div><\/div>\n\n\n\n<div class='outer-container'><div class='default'>\n\n<div data-anchor-title=\"\" class=\"bb-headline-block\">\n\t<div class=\"anchor-offset\" id=\"\"><\/div>\n\t\t\t<h3 class=\"default \">\n\t\t\t<span class=\"\">\n\t\t\t\tAnforderungen auch auf die Bildung \u00fcbertragbar\t\t\t<\/span>\n\t\t<\/h3>\n\t<\/div>\n<\/div><\/div>\n\n\n\n<div class='outer-container'><div class='default'><div class=\"bb-paragraph-block font-inherit  text-base lg:text-xl\">\n\t<p>Diese Gemeinwohl-Anforderungen sollten ebenso Anwendung in der Bildungspolitik und dezidiert in der Ausgestaltung digitaler Bildungsvorhaben finden, da Bildung ein hoheitliches Gut und von zentraler gesellschaftlicher Bedeutung ist. Aus diesem Grund haben wir <em>Mein Bildungsraum\u00a0<\/em>anhand der vorliegenden Kriterien analysiert.<\/p>\n<\/div>\n<\/div><\/div>\n\n\n\n<div class='outer-container'><div class='default'>\n\n<div class=\"wp-block-group has-primary-light-background-color has-background is-layout-constrained wp-block-group-is-layout-constrained\"><div class=\"bb-paragraph-block font-inherit  text-base lg:text-xl\">\n\t<p>Allgemeine Informationen zu den Anforderungen k\u00f6nnen der Brosch\u00fcre \u201e<a href=\"https:\/\/www.wikimedia.de\/gemeinwohl-in-der-digitalpolitik\/\" target=\"_blank\" rel=\"noopener\">Acht Anforderungen: So kommt das Gemeinwohl in die Digitalpolitik<\/a>&#8221; entnommen werden.<\/p>\n<\/div>\n<\/div>\n\n<\/div><\/div>","protected":false},"excerpt":{"rendered":"","protected":false},"author":1,"featured_media":0,"parent":0,"menu_order":0,"comment_status":"closed","ping_status":"closed","template":"templates\/template-indicators.php","meta":{"_acf_changed":false,"footnotes":""},"class_list":["post-113","page","type-page","status-publish","hentry"],"acf":[],"_links":{"self":[{"href":"https:\/\/www.wikimedia.de\/bildungsraum\/wp-json\/wp\/v2\/pages\/113","targetHints":{"allow":["GET"]}}],"collection":[{"href":"https:\/\/www.wikimedia.de\/bildungsraum\/wp-json\/wp\/v2\/pages"}],"about":[{"href":"https:\/\/www.wikimedia.de\/bildungsraum\/wp-json\/wp\/v2\/types\/page"}],"author":[{"embeddable":true,"href":"https:\/\/www.wikimedia.de\/bildungsraum\/wp-json\/wp\/v2\/users\/1"}],"replies":[{"embeddable":true,"href":"https:\/\/www.wikimedia.de\/bildungsraum\/wp-json\/wp\/v2\/comments?post=113"}],"version-history":[{"count":5,"href":"https:\/\/www.wikimedia.de\/bildungsraum\/wp-json\/wp\/v2\/pages\/113\/revisions"}],"predecessor-version":[{"id":1075,"href":"https:\/\/www.wikimedia.de\/bildungsraum\/wp-json\/wp\/v2\/pages\/113\/revisions\/1075"}],"wp:attachment":[{"href":"https:\/\/www.wikimedia.de\/bildungsraum\/wp-json\/wp\/v2\/media?parent=113"}],"curies":[{"name":"wp","href":"https:\/\/api.w.org\/{rel}","templated":true}]}}

<div class='outer-container'><div class='default'>

<div class="wp-block-columns is-layout-flex wp-container-core-columns-is-layout-9d6595d7 wp-block-columns-is-layout-flex">

<div class="wp-block-column is-layout-flow wp-block-column-is-layout-flow" style="flex-basis:66.66%"><div class="bb-paragraph-block font-inherit  text-base lg:text-xl">
	<p>Seit vielen Jahren setzt sich Wikimedia Deutschland e. V. dafür ein, dass politische Akteur*innen Digitalpolitik auch als Gesellschaftspolitik begreifen und die Digitalisierung gemeinwohlorientiert gestalten. Doch was bedeutet das für den politischen Prozess und mit Blick auf das Ergebnis eines digitalpolitischen Vorhabens? Wie wird Gemeinwohl langfristig verankert?</p>
</div>




<div class="bb-spacer-block h-5 lg:h-10 ">
	
</div>





<div class="bb-blockquote-block relative gap-5 md:grid md:grid-cols-4 mb-10">
      <div>
    <div class="aspect-h-1 aspect-w-1 mb-2">
      <img loading="lazy" decoding="async" width="300" height="300" src="https://www.wikimedia.de/bildungsraum/wp-content/uploads/sites/33/2024/11/Aline-Blankertz-300x300.png" class="bg-primary-100 rounded-2xl" alt="Portrait von Aline Blankertz" srcset="https://www.wikimedia.de/bildungsraum/wp-content/uploads/sites/33/2024/11/Aline-Blankertz-300x300.png 300w, https://www.wikimedia.de/bildungsraum/wp-content/uploads/sites/33/2024/11/Aline-Blankertz-150x150.png 150w, https://www.wikimedia.de/bildungsraum/wp-content/uploads/sites/33/2024/11/Aline-Blankertz.png 600w" sizes="auto, (max-width: 300px) 100vw, 300px" />    </div>
  </div>
    <div class="col-span-3 flex gap-3">
    <div class="w-16">
      <span class='bb-icon icon-xxl'><?xml version="1.0" encoding="utf-8"?>
<svg width="24" height="24" fill="none" viewBox="0 0 24 24" xmlns="http://www.w3.org/2000/svg" role="presentation" aria-hidden="true">
  <path d="M4.32086 19L6.97937 8.25806L7.75859 11.8871C6.68908 11.8871 5.78762 11.5323 5.05424 10.8226C4.35141 10.1129 4 9.16129 4 7.96774C4 6.77419 4.35141 5.82258 5.05424 5.1129C5.78762 4.37097 6.6738 4 7.71276 4C8.78228 4 9.66845 4.37097 10.3713 5.1129C11.0741 5.85484 11.4255 6.80645 11.4255 7.96774C11.4255 8.32258 11.395 8.69355 11.3338 9.08064C11.3033 9.43548 11.2116 9.85484 11.0588 10.3387C10.9366 10.7903 10.7227 11.3871 10.4171 12.129L8.03361 19H4.32086ZM14.0382 19L16.6967 8.25806L17.4759 11.8871C16.4064 11.8871 15.505 11.5323 14.7716 10.8226C14.0688 10.1129 13.7173 9.16129 13.7173 7.96774C13.7173 6.77419 14.0688 5.82258 14.7716 5.1129C15.505 4.37097 16.3911 4 17.4301 4C18.4996 4 19.3858 4.37097 20.0886 5.1129C20.7914 5.85484 21.1429 6.80645 21.1429 7.96774C21.1429 8.32258 21.1123 8.69355 21.0512 9.08064C21.0206 9.43548 20.929 9.85484 20.7762 10.3387C20.6539 10.7903 20.44 11.3871 20.1345 12.129L17.751 19H14.0382Z" fill="currentColor"/>
</svg></span>    </div>
    <div>
    <blockquote class="text-2xl lg:text-3xl leading-tight font-normal">
    Digitalpolitische Vorhaben müssen sich an konkreten Anforderungen messen lassen. So lässt sich beurteilen, inwiefern sie zum Gemeinwohl beitragen, und aufzeigen, an welchen Stellen Lücken bestehen.    </blockquote>
    <cite class="mt-5 font-bold block">Aline Blankertz, Referentin Politik und öffentlicher Sektor, Wikimedia Deutschland e. V.</cite>
        </div>
  </div>
</div></div>







<div class="wp-block-column is-layout-flow wp-block-column-is-layout-flow" style="flex-basis:33.33%">
<div class="bb-image-block my-4">
        <a href="https://www.wikimedia.de/gemeinwohl-in-der-digitalpolitik/">    <figure class="portrait flex justify-center max-h-screen relative overflow-hidden   no_caption" role="group">
        <img loading="lazy" decoding="async" width="548" height="777" src="https://www.wikimedia.de/bildungsraum/wp-content/uploads/sites/33/2024/10/Deckblatt_Gemeinwohl-Anforderungen.png" class="h-full w-auto" alt="" sizes="auto,  " srcset="https://www.wikimedia.de/bildungsraum/wp-content/uploads/sites/33/2024/10/Deckblatt_Gemeinwohl-Anforderungen.png 548w, https://www.wikimedia.de/bildungsraum/wp-content/uploads/sites/33/2024/10/Deckblatt_Gemeinwohl-Anforderungen-212x300.png 212w" />            </figure>
    </a></div></div>

</div>

</div></div>



<div class='outer-container'><div class='default'>

<div data-anchor-title="" class="bb-headline-block">
	<div class="anchor-offset" id=""></div>
			<h3 class="default ">
			<span class="">
				Anforderungen an gemeinwohlorientierte Digitalpolitik			</span>
		</h3>
	</div>
</div></div>



<div class='outer-container'><div class='default'><div class="bb-paragraph-block font-inherit  text-base lg:text-xl">
	<p>Wikimedia Deutschland e. V. hat mit Perspektiven aus Verwaltung, Verbänden, Wissenschaft, Politik und Wirtschaft acht Anforderungen an gemeinwohlorientierte Digitalpolitik entwickelt. Digitalpolitische Vorhaben müssen sich an konkreten Anforderungen messen lassen. So lässt sich beurteilen, inwiefern sie zum Gemeinwohl beitragen, und aufzeigen, an welchen Stellen Lücken bestehen. Das Gemeinwohl kommt über den Prozess der Ausgestaltung und über das Ergebnis von Vorhaben in die Digitalpolitik. Um sich verändernden Vorstellungen von Gemeinwohl gerecht zu werden, braucht es zudem Mechanismen zur dynamischen Anpassung.</p>
</div>
</div></div>



<div class='outer-container'><div class='default'>
<div class="bb-image-block my-4">
            <figure class="flex flex-col relative  no_caption" role="group">
        <img loading="lazy" decoding="async" width="906" height="658" src="https://www.wikimedia.de/bildungsraum/wp-content/uploads/sites/33/2024/10/Bildschirmfoto-vom-2024-10-31-14-53-53.png" class="w-full h-auto " alt="Dynamische Dimension von Gemeinwohlorientierung" sizes="auto,  " srcset="https://www.wikimedia.de/bildungsraum/wp-content/uploads/sites/33/2024/10/Bildschirmfoto-vom-2024-10-31-14-53-53.png 906w, https://www.wikimedia.de/bildungsraum/wp-content/uploads/sites/33/2024/10/Bildschirmfoto-vom-2024-10-31-14-53-53-300x218.png 300w, https://www.wikimedia.de/bildungsraum/wp-content/uploads/sites/33/2024/10/Bildschirmfoto-vom-2024-10-31-14-53-53-768x558.png 768w" />            </figure>
    </div></div></div>



<div class='outer-container'><div class='default'><div class="bb-paragraph-block font-inherit  text-base">
	<p>Abbildung: Schaubild zur Strukturierung der acht Gemeinwohl-Anforderungen von Wikimedia Deutschland e. V.</p>
</div>
</div></div>



<div class='outer-container'><div class='default'><div class="bb-spacer-block h-5 lg:h-10 ">
	
</div>

</div></div>



<div class='outer-container'><div class='default'>

<div data-anchor-title="" class="bb-headline-block">
	<div class="anchor-offset" id=""></div>
			<h3 class="default ">
			<span class="">
				Anforderungen auch auf die Bildung übertragbar			</span>
		</h3>
	</div>
</div></div>



<div class='outer-container'><div class='default'><div class="bb-paragraph-block font-inherit  text-base lg:text-xl">
	<p>Diese Gemeinwohl-Anforderungen sollten ebenso Anwendung in der Bildungspolitik und dezidiert in der Ausgestaltung digitaler Bildungsvorhaben finden, da Bildung ein hoheitliches Gut und von zentraler gesellschaftlicher Bedeutung ist. Aus diesem Grund haben wir <em>Mein Bildungsraum </em>anhand der vorliegenden Kriterien analysiert.</p>
</div>
</div></div>



<div class='outer-container'><div class='default'>

<div class="wp-block-group has-primary-light-background-color has-background is-layout-constrained wp-block-group-is-layout-constrained"><div class="bb-paragraph-block font-inherit  text-base lg:text-xl">
	<p>Allgemeine Informationen zu den Anforderungen können der Broschüre „<a href="https://www.wikimedia.de/gemeinwohl-in-der-digitalpolitik/" target="_blank" rel="noopener">Acht Anforderungen: So kommt das Gemeinwohl in die Digitalpolitik</a>&#8221; entnommen werden.</p>
</div>
</div>

</div></div>
