{"id":42204,"date":"2020-02-27T08:57:29","date_gmt":"2020-02-27T07:57:29","guid":{"rendered":"https:\/\/stage.wikimedia.de\/?page_id=42204"},"modified":"2020-04-22T13:50:03","modified_gmt":"2020-04-22T11:50:03","slug":"offener-brief","status":"publish","type":"page","link":"https:\/\/www.wikimedia.de\/oeffentliches-gut\/oeffentliches-gut\/offener-brief\/","title":{"rendered":"Offener Brief"},"content":{"rendered":"\n<h2 class=\"wp-block-heading\"><strong>Bei Bildungsinhalten gilt: \u00d6ffentliches Geld \u2013 \u00d6ffentliches Gut!<\/strong><\/h2>\n\n\n\n<div style=\"height:100px\" aria-hidden=\"true\" class=\"wp-block-spacer is-style-spacer-small\"><\/div>\n\n\n\n<p>Wir, die Unterzeichnenden des Offenen Briefes fordern die Verantwortlichen in den Sendern des \u00f6ffentlich-rechtlichen Rundfunks auf, <strong>Bildungsinhalte m\u00f6glichst unter freier Lizenz und dauerhaft online verf\u00fcgbar<\/strong> zu halten.<br><\/p>\n\n\n\n<p>Die sogenannte Depublikation ist im Rundfunkstaatsvertrag f\u00fcr <strong>Bildungsinhalte als Teil der \u201ezeit- und kulturgeschichtlichen Archive<\/strong>\u201c nicht mehr zwingend vorgesehen. Diese Neuerung muss aber noch in die <strong>Medienkonzepte der ARD und des ZDF <\/strong>umgesetzt werden. Umfassende Nutzungsrechte sind diesem Anspruch entsprechend und mit angemessener Verg\u00fctung zu erwerben.<br><\/p>\n\n\n\n<p>Die <strong>Bereitstellung von Sendungen unter freier Lizenz<\/strong> ist nicht immer m\u00f6glich. Sie bestehen meist (auch) aus \u201eunfreien\u201c Zutaten. Gangbar ist aber, <strong>relevante Teile von Produktionen<\/strong> von vornherein so zu kl\u00e4ren, dass sie im Anschluss unter freier Lizenz ver\u00f6ffentlicht werden k\u00f6nnen, so z. B. Fotos, Grafiken oder Erkl\u00e4rvideos, die im Auftrag der Redaktionen angefertigt werden.<br><\/p>\n\n\n\n<p>Im Jahr 2020 sehen wir echtes Potenzial f\u00fcr Lehrerinnen, Lehrer und viele weitere Bildungsakteure, mit Material des \u00d6RR rechts- und zukunftssicher gute Bildungsangebote zu gestalten und diese, z.B. in Bibliotheken, nachhaltig zur Verf\u00fcgung zu stellen. Dies h\u00e4ngt stark von den Entwicklungen im Telemedienkonzept der ARD und des ZDF in den n\u00e4chsten Monaten ab. Unterst\u00fctzen Sie uns mit Ihrem Namen und Ihrer Organisation!<br><\/p>\n\n\n\n<p><strong><a href=\"https:\/\/www.wikimedia.de\/oeffentliches-gut-site\/oeffentliches-gut\/#machmit\" target=\"_blank\" rel=\"noreferrer noopener\" aria-label=\"Jetzt online mitzeichnen! (\u00f6ffnet in neuem Tab)\">Jetzt online mitzeichnen!<\/a><\/strong><\/p>\n\n\n\n<div style=\"height:100px\" aria-hidden=\"true\" class=\"wp-block-spacer is-style-spacer-small\"><\/div>\n\n\n\n<div class=\"wp-block-file\"><a href=\"https:\/\/www.wikimedia.de\/oeffentliches-gut-site\/wp-content\/uploads\/2020\/03\/Wikimedia-Offener-Brief.pdf\">Wikimedia Offener Brief<\/a><a href=\"https:\/\/www.wikimedia.de\/oeffentliches-gut-site\/wp-content\/uploads\/2020\/03\/Wikimedia-Offener-Brief.pdf\" class=\"wp-block-file__button\" download>Herunterladen<\/a><\/div>\n","protected":false},"excerpt":{"rendered":"<p>Bei Bildungsinhalten gilt: \u00d6ffentliches Geld \u2013 \u00d6ffentliches Gut! Wir, die Unterzeichnenden des Offenen Briefes fordern die Verantwortlichen in den Sendern \u2026 <a class=\"read-more\" href=\"https:\/\/www.wikimedia.de\/oeffentliches-gut\/oeffentliches-gut\/offener-brief\/\"> <i class=\"fa fa-long-arrow-right\"><\/i><\/a><\/p>\n","protected":false},"author":3,"featured_media":0,"parent":42012,"menu_order":0,"comment_status":"closed","ping_status":"closed","template":"page-ogog-other.php","meta":{"_acf_changed":false,"footnotes":""},"class_list":["post-42204","page","type-page","status-publish","hentry"],"acf":[],"lang":"de","translations":{"de":42204},"pll_sync_post":[],"_links":{"self":[{"href":"https:\/\/www.wikimedia.de\/oeffentliches-gut\/wp-json\/wp\/v2\/pages\/42204","targetHints":{"allow":["GET"]}}],"collection":[{"href":"https:\/\/www.wikimedia.de\/oeffentliches-gut\/wp-json\/wp\/v2\/pages"}],"about":[{"href":"https:\/\/www.wikimedia.de\/oeffentliches-gut\/wp-json\/wp\/v2\/types\/page"}],"author":[{"embeddable":true,"href":"https:\/\/www.wikimedia.de\/oeffentliches-gut\/wp-json\/wp\/v2\/users\/3"}],"replies":[{"embeddable":true,"href":"https:\/\/www.wikimedia.de\/oeffentliches-gut\/wp-json\/wp\/v2\/comments?post=42204"}],"version-history":[{"count":0,"href":"https:\/\/www.wikimedia.de\/oeffentliches-gut\/wp-json\/wp\/v2\/pages\/42204\/revisions"}],"up":[{"embeddable":true,"href":"https:\/\/www.wikimedia.de\/oeffentliches-gut\/wp-json\/wp\/v2\/pages\/42012"}],"wp:attachment":[{"href":"https:\/\/www.wikimedia.de\/oeffentliches-gut\/wp-json\/wp\/v2\/media?parent=42204"}],"curies":[{"name":"wp","href":"https:\/\/api.w.org\/{rel}","templated":true}]}}