{"id":16,"date":"2021-10-19T11:33:30","date_gmt":"2021-10-19T09:33:30","guid":{"rendered":"https:\/\/www.wikimedia.de\/wikipost\/?page_id=16"},"modified":"2021-11-03T12:47:50","modified_gmt":"2021-11-03T11:47:50","slug":"bestaetigungsseite","status":"publish","type":"page","link":"https:\/\/www.wikimedia.de\/wikipost\/bestaetigungsseite\/","title":{"rendered":"Best\u00e4tigungsseite"},"content":{"rendered":"\n<div class=\"wp-block-group fullwidth has-light-green-background-color has-background\"><div class=\"wp-block-group__inner-container is-layout-flow wp-block-group-is-layout-flow\">\n<h1 class=\"has-text-align-center wp-block-heading\"> <\/h1>\n\n\n\n<div style=\"height:20px\" aria-hidden=\"true\" class=\"wp-block-spacer\"><\/div>\n\n\n\n<h1 class=\"has-text-align-center wp-block-heading\">Fast geschafft&#8230;<\/h1>\n\n\n\n<div style=\"height:20px\" aria-hidden=\"true\" class=\"wp-block-spacer\"><\/div>\n\n\n\n<h1 class=\"has-text-align-center wp-block-heading\">Vielen Dank f\u00fcr deine Anmeldung zur Wiki-Post!<\/h1>\n\n\n\n<div style=\"height:50px\" aria-hidden=\"true\" class=\"wp-block-spacer\"><\/div>\n\n\n\n<p class=\"has-lead-font-size\">Wir haben gerade eine E-Mail mit dem Aktivierungslink an dich geschickt. Klicke bitte auf den Link, um deine Newsletter-Anmeldung abzuschlie\u00dfen.<\/p>\n\n\n\n<p class=\"has-lead-font-size\">Solltest du die Best\u00e4tigungsmail nicht in deinem Posteingang finden, pr\u00fcfe deinen Spam-Ordner oder kontaktiere uns \u00fcber <a href=\"mailto:mitmachen@wikimedia.de\">mitmachen@wikimedia.de<\/a>.<\/p>\n\n\n\n<p class=\"has-lead-font-size\">Vielen Dank und sch\u00f6n, dass du dabei bist!<\/p>\n\n\n\n<div style=\"height:50px\" aria-hidden=\"true\" class=\"wp-block-spacer\"><\/div>\n\n\n\n<div class=\"wp-block-image\"><figure class=\"aligncenter size-full is-resized\"><img loading=\"lazy\" decoding=\"async\" src=\"https:\/\/www.wikimedia.de\/wikipost\/wp-content\/uploads\/sites\/5\/2021\/10\/436px-E-Mail-Robot.png\" alt=\"\" class=\"wp-image-118\" width=\"258\" height=\"354\"\/><\/figure><\/div>\n<\/div><\/div>\n","protected":false},"excerpt":{"rendered":"<p>Fast geschafft&#8230; Vielen Dank f\u00fcr deine Anmeldung zur Wiki-Post! Wir haben gerade eine E-Mail mit dem Aktivierungslink an dich geschickt. \u2026 <a class=\"read-more\" href=\"https:\/\/www.wikimedia.de\/wikipost\/bestaetigungsseite\/\"> <i class=\"fa fa-long-arrow-right\"><\/i><\/a><\/p>\n","protected":false},"author":1,"featured_media":0,"parent":0,"menu_order":0,"comment_status":"closed","ping_status":"closed","template":"","meta":{"_acf_changed":false,"footnotes":""},"class_list":["post-16","page","type-page","status-publish","hentry"],"acf":[],"_links":{"self":[{"href":"https:\/\/www.wikimedia.de\/wikipost\/wp-json\/wp\/v2\/pages\/16","targetHints":{"allow":["GET"]}}],"collection":[{"href":"https:\/\/www.wikimedia.de\/wikipost\/wp-json\/wp\/v2\/pages"}],"about":[{"href":"https:\/\/www.wikimedia.de\/wikipost\/wp-json\/wp\/v2\/types\/page"}],"author":[{"embeddable":true,"href":"https:\/\/www.wikimedia.de\/wikipost\/wp-json\/wp\/v2\/users\/1"}],"replies":[{"embeddable":true,"href":"https:\/\/www.wikimedia.de\/wikipost\/wp-json\/wp\/v2\/comments?post=16"}],"version-history":[{"count":10,"href":"https:\/\/www.wikimedia.de\/wikipost\/wp-json\/wp\/v2\/pages\/16\/revisions"}],"predecessor-version":[{"id":131,"href":"https:\/\/www.wikimedia.de\/wikipost\/wp-json\/wp\/v2\/pages\/16\/revisions\/131"}],"wp:attachment":[{"href":"https:\/\/www.wikimedia.de\/wikipost\/wp-json\/wp\/v2\/media?parent=16"}],"curies":[{"name":"wp","href":"https:\/\/api.w.org\/{rel}","templated":true}]}}