{"id":18,"date":"2024-03-22T11:11:07","date_gmt":"2024-03-22T10:11:07","guid":{"rendered":"https:\/\/wikimedia.de\/zukunftskongress\/?page_id=18"},"modified":"2026-02-05T17:05:49","modified_gmt":"2026-02-05T16:05:49","slug":"zukunftskongress","status":"publish","type":"page","link":"https:\/\/www.wikimedia.de\/zukunftskongress\/","title":{"rendered":"Das war der Wikipedia-Zukunftskongress"},"content":{"rendered":"<div class='grid grid-cols-12 container'><div class='col-span-12 lg:col-span-8 lg:col-start-3'>\n\n<div data-anchor-title=\"\" class=\"bb-headline-block\">\n\t<div class=\"anchor-offset\" id=\"\"><\/div>\n\t\t\t<h2 class=\"default \">\n\t\t\t<span class=\"\">\n\t\t\t\tDas war der Wikipedia-Zukunftskongress 2024\t\t\t<\/span>\n\t\t<\/h2>\n\t<\/div>\n<\/div><\/div>\n\n<div class='grid grid-cols-12 container'><div class='col-span-12 lg:col-span-8 lg:col-start-3'><div x-data=\"{ lightbox: false, imgModalSrc : '', imgModalAlt : '', imgModalCaption : '' }\">\n  <div class=\"grid grid-cols-2 md:grid-cols-3 lg:grid-cols-4 gap-5 mb-5 lg:mb-10\">\n        <div class=\"cursor-zoom-in aspect-w-1 aspect-h-1\">\n    <img decoding=\"async\" class=\"block rounded-2xl object-cover h-full w-full\" x-on:click=\"$dispatch('lightbox', {imgModalSrc: 'https:\/\/www.wikimedia.de\/zukunftskongress\/wp-content\/uploads\/2024\/06\/2024-06-07_Wikipedia-Zukunftskongress_STP_6255_by_Stepro-scaled.jpg', imgModalAlt: '', imgModalCaption: 'Jens Ohlig (Moderation) | by Steffen Pr\u00f6\u00dfdorf' })\" src=\"https:\/\/www.wikimedia.de\/zukunftskongress\/wp-content\/uploads\/2024\/06\/2024-06-07_Wikipedia-Zukunftskongress_STP_6255_by_Stepro-300x200.jpg\" alt=\"\">\n    <img decoding=\"async\" style=\"width: 0; height: 0\" src=\"https:\/\/www.wikimedia.de\/zukunftskongress\/wp-content\/uploads\/2024\/06\/2024-06-07_Wikipedia-Zukunftskongress_STP_6255_by_Stepro-scaled.jpg\" alt=\"\">\n  <\/div>\n        <div class=\"cursor-zoom-in aspect-w-1 aspect-h-1\">\n    <img decoding=\"async\" class=\"block rounded-2xl object-cover h-full w-full\" x-on:click=\"$dispatch('lightbox', {imgModalSrc: 'https:\/\/www.wikimedia.de\/zukunftskongress\/wp-content\/uploads\/2024\/06\/2024-06-07_Wikipedia-Zukunftskongress_STP_6254_by_Stepro-scaled.jpg', imgModalAlt: '', imgModalCaption: 'Elisabeth Mandl (Moderation) | by Steffen Pr\u00f6\u00dfdorf' })\" src=\"https:\/\/www.wikimedia.de\/zukunftskongress\/wp-content\/uploads\/2024\/06\/2024-06-07_Wikipedia-Zukunftskongress_STP_6254_by_Stepro-300x200.jpg\" alt=\"\">\n    <img decoding=\"async\" style=\"width: 0; height: 0\" src=\"https:\/\/www.wikimedia.de\/zukunftskongress\/wp-content\/uploads\/2024\/06\/2024-06-07_Wikipedia-Zukunftskongress_STP_6254_by_Stepro-scaled.jpg\" alt=\"\">\n  <\/div>\n        <div class=\"cursor-zoom-in aspect-w-1 aspect-h-1\">\n    <img decoding=\"async\" class=\"block rounded-2xl object-cover h-full w-full\" x-on:click=\"$dispatch('lightbox', {imgModalSrc: 'https:\/\/www.wikimedia.de\/zukunftskongress\/wp-content\/uploads\/2024\/06\/2024-06-08_Wikipedia-Zukunftskongress_STP_6300_by_Stepro-scaled.jpg', imgModalAlt: '', imgModalCaption: 'Chris Tedjasukmana (Professor f\u00fcr Alltagsmedien und Digitale Kulturen an der Johannes Gutenberg-Universit\u00e4t Mainz) | by Steffen Pr\u00f6\u00dfdorf' })\" src=\"https:\/\/www.wikimedia.de\/zukunftskongress\/wp-content\/uploads\/2024\/06\/2024-06-08_Wikipedia-Zukunftskongress_STP_6300_by_Stepro-300x200.jpg\" alt=\"\">\n    <img decoding=\"async\" style=\"width: 0; height: 0\" src=\"https:\/\/www.wikimedia.de\/zukunftskongress\/wp-content\/uploads\/2024\/06\/2024-06-08_Wikipedia-Zukunftskongress_STP_6300_by_Stepro-scaled.jpg\" alt=\"\">\n  <\/div>\n        <div class=\"cursor-zoom-in aspect-w-1 aspect-h-1\">\n    <img decoding=\"async\" class=\"block rounded-2xl object-cover h-full w-full\" x-on:click=\"$dispatch('lightbox', {imgModalSrc: 'https:\/\/www.wikimedia.de\/zukunftskongress\/wp-content\/uploads\/2024\/06\/2024-06-08_Wikipedia-Zukunftskongress_STP_6335_by_Stepro-scaled.jpg', imgModalAlt: '', imgModalCaption: 'Podium: &#039;Informationen teilen, Wissen erschlie\u00dfen \u2013 welche Rolle spielt die Wikipedia?&#039; | by Steffen Pr\u00f6\u00dfdorf' })\" src=\"https:\/\/www.wikimedia.de\/zukunftskongress\/wp-content\/uploads\/2024\/06\/2024-06-08_Wikipedia-Zukunftskongress_STP_6335_by_Stepro-300x200.jpg\" alt=\"\">\n    <img decoding=\"async\" style=\"width: 0; height: 0\" src=\"https:\/\/www.wikimedia.de\/zukunftskongress\/wp-content\/uploads\/2024\/06\/2024-06-08_Wikipedia-Zukunftskongress_STP_6335_by_Stepro-scaled.jpg\" alt=\"\">\n  <\/div>\n        <div class=\"cursor-zoom-in aspect-w-1 aspect-h-1\">\n    <img decoding=\"async\" class=\"block rounded-2xl object-cover h-full w-full\" x-on:click=\"$dispatch('lightbox', {imgModalSrc: 'https:\/\/www.wikimedia.de\/zukunftskongress\/wp-content\/uploads\/2024\/06\/2024-06-08_Wikipedia-Zukunftskongress_STP_6368_by_Stepro-scaled.jpg', imgModalAlt: '', imgModalCaption: 'Theresa Z\u00fcger (Alexander von Humboldt-Institut f\u00fcr Internet und Gesellschaft) | by Steffen Pr\u00f6\u00dfdorf' })\" src=\"https:\/\/www.wikimedia.de\/zukunftskongress\/wp-content\/uploads\/2024\/06\/2024-06-08_Wikipedia-Zukunftskongress_STP_6368_by_Stepro-300x200.jpg\" alt=\"\">\n    <img decoding=\"async\" style=\"width: 0; height: 0\" src=\"https:\/\/www.wikimedia.de\/zukunftskongress\/wp-content\/uploads\/2024\/06\/2024-06-08_Wikipedia-Zukunftskongress_STP_6368_by_Stepro-scaled.jpg\" alt=\"\">\n  <\/div>\n        <div class=\"cursor-zoom-in aspect-w-1 aspect-h-1\">\n    <img decoding=\"async\" class=\"block rounded-2xl object-cover h-full w-full\" x-on:click=\"$dispatch('lightbox', {imgModalSrc: 'https:\/\/www.wikimedia.de\/zukunftskongress\/wp-content\/uploads\/2024\/06\/2024-06-08_Wikipedia-Zukunftskongress_STP_6451_by_Stepro-scaled.jpg', imgModalAlt: '', imgModalCaption: 'Podium: &#039;Handschrift, Buchdruck, WWW \u2013 und was kommt dann?&#039; | by Steffen Pr\u00f6\u00dfdorf' })\" src=\"https:\/\/www.wikimedia.de\/zukunftskongress\/wp-content\/uploads\/2024\/06\/2024-06-08_Wikipedia-Zukunftskongress_STP_6451_by_Stepro-300x169.jpg\" alt=\"\">\n    <img decoding=\"async\" style=\"width: 0; height: 0\" src=\"https:\/\/www.wikimedia.de\/zukunftskongress\/wp-content\/uploads\/2024\/06\/2024-06-08_Wikipedia-Zukunftskongress_STP_6451_by_Stepro-scaled.jpg\" alt=\"\">\n  <\/div>\n        <div class=\"cursor-zoom-in aspect-w-1 aspect-h-1\">\n    <img decoding=\"async\" class=\"block rounded-2xl object-cover h-full w-full\" x-on:click=\"$dispatch('lightbox', {imgModalSrc: 'https:\/\/www.wikimedia.de\/zukunftskongress\/wp-content\/uploads\/2024\/06\/2024-06-08_Wikipedia-Zukunftskongress_STP_6459_by_Stepro-1-scaled.jpg', imgModalAlt: '', imgModalCaption: 'Daniel Sigge (Kulturwissenschaftler und International Community Growth Manager bei Reddit) | by Steffen Pr\u00f6\u00dfdorf' })\" src=\"https:\/\/www.wikimedia.de\/zukunftskongress\/wp-content\/uploads\/2024\/06\/2024-06-08_Wikipedia-Zukunftskongress_STP_6459_by_Stepro-1-300x200.jpg\" alt=\"\">\n    <img decoding=\"async\" style=\"width: 0; height: 0\" src=\"https:\/\/www.wikimedia.de\/zukunftskongress\/wp-content\/uploads\/2024\/06\/2024-06-08_Wikipedia-Zukunftskongress_STP_6459_by_Stepro-1-scaled.jpg\" alt=\"\">\n  <\/div>\n        <div class=\"cursor-zoom-in aspect-w-1 aspect-h-1\">\n    <img decoding=\"async\" class=\"block rounded-2xl object-cover h-full w-full\" x-on:click=\"$dispatch('lightbox', {imgModalSrc: 'https:\/\/www.wikimedia.de\/zukunftskongress\/wp-content\/uploads\/2024\/06\/2024-06-08_Wikipedia-Zukunftskongress_STP_6511_by_Stepro-scaled.jpg', imgModalAlt: '', imgModalCaption: 'Podium: &#039;Zwischen Tradition und Innovation \u2013 wie entwickelt sich die Wikipedia-Community?&#039; | by Steffen Pr\u00f6\u00dfdorf' })\" src=\"https:\/\/www.wikimedia.de\/zukunftskongress\/wp-content\/uploads\/2024\/06\/2024-06-08_Wikipedia-Zukunftskongress_STP_6511_by_Stepro-300x200.jpg\" alt=\"\">\n    <img decoding=\"async\" style=\"width: 0; height: 0\" src=\"https:\/\/www.wikimedia.de\/zukunftskongress\/wp-content\/uploads\/2024\/06\/2024-06-08_Wikipedia-Zukunftskongress_STP_6511_by_Stepro-scaled.jpg\" alt=\"\">\n  <\/div>\n    <\/div>\n\n  <div x-show=\"lightbox\" x-on:lightbox.window=\"lightbox = true; imgModalSrc = $event.detail.imgModalSrc; imgModalCaption = $event.detail.imgModalCaption;\" class=\"cursor-zoom-out\">\n  <div x-transition:enter=\"transition ease-out duration-500\" x-transition:enter-start=\"opacity-0 transform scale-90\" x-transition:enter-end=\"opacity-100 transform scale-100\" x-transition:leave=\"transition ease-in duration-500\" x-transition:leave-start=\"opacity-100 transform scale-100\" x-transition:leave-end=\"opacity-0 transform scale-90\" class=\"fixed inset-0 z-50 flex items-center justify-center w-full p-2 overflow-hidden bg-gray-900 bg-opacity-75 h-100\">\n    <div x-on:click.away=\"lightbox = ''\">\n    <div class=\"bb-image-block\" x-on:click=\"lightbox = ''\">\n      <figure class=\"relative\">\n      <img class=\"max-h-[80vh] max-w-[80vw] rounded-2xl\" :src=\"imgModalSrc\" :alt=\"imgModalAlt\">\n      <template x-if=\"imgModalCaption\">\n        <figcaption class=\"invisible absolute left-0 bottom-0 right-0 flex text-white bg-gray-900 w-auto h-auto z-20 p-2 text-sm flex items-start gap-4 break-all rounded-b-2xl\">\n        <span class='bb-icon flex-shrink-0'><?xml version=\"1.0\" encoding=\"utf-8\"?>\n<svg width=\"16\" height=\"16\" fill=\"none\" viewBox=\"0 0 16 16\" xmlns=\"http:\/\/www.w3.org\/2000\/svg\" role=\"presentation\" aria-hidden=\"true\">\n  <path fill-rule=\"evenodd\" clip-rule=\"evenodd\" d=\"M16 8C16 10.1217 15.1571 12.1566 13.6569 13.6569C12.1566 15.1571 10.1217 16 8 16C5.87827 16 3.84344 15.1571 2.34315 13.6569C0.842855 12.1566 0 10.1217 0 8C0 5.87827 0.842855 3.84344 2.34315 2.34315C3.84344 0.842855 5.87827 0 8 0C10.1217 0 12.1566 0.842855 13.6569 2.34315C15.1571 3.84344 16 5.87827 16 8ZM9 4C9 4.26522 8.89464 4.51957 8.70711 4.70711C8.51957 4.89464 8.26522 5 8 5C7.73478 5 7.48043 4.89464 7.29289 4.70711C7.10536 4.51957 7 4.26522 7 4C7 3.73478 7.10536 3.48043 7.29289 3.29289C7.48043 3.10536 7.73478 3 8 3C8.26522 3 8.51957 3.10536 8.70711 3.29289C8.89464 3.48043 9 3.73478 9 4ZM7 7C6.73478 7 6.48043 7.10536 6.29289 7.29289C6.10536 7.48043 6 7.73478 6 8C6 8.26522 6.10536 8.51957 6.29289 8.70711C6.48043 8.89464 6.73478 9 7 9V12C7 12.2652 7.10536 12.5196 7.29289 12.7071C7.48043 12.8946 7.73478 13 8 13H9C9.26522 13 9.51957 12.8946 9.70711 12.7071C9.89464 12.5196 10 12.2652 10 12C10 11.7348 9.89464 11.4804 9.70711 11.2929C9.51957 11.1054 9.26522 11 9 11V8C9 7.73478 8.89464 7.48043 8.70711 7.29289C8.51957 7.10536 8.26522 7 8 7H7Z\" fill=\"white\"\/>\n<\/svg><\/span> <div class=\"self-center\" x-text=\"imgModalCaption\"><\/div>\n        <\/figcaption>\n      <\/template>\n      <\/figure>\n    <\/div>\n    <\/div>\n  <\/div>\n  <\/div>\n<\/div>\n<\/div><\/div>\n\n<div class='grid grid-cols-12 container'><div class='col-span-12 lg:col-span-8 lg:col-start-3'><div class=\"bb-paragraph-block font-inherit  text-base lg:text-xl\">\n\t<p><span style=\"font-weight: 400;\">Die Wikipedia ist als verl\u00e4ssliche Wissensquelle aus dem Alltag der meisten Menschen nicht mehr wegzudenken. Doch ver\u00e4nderte Mediennutzung und technologische Neuerungen wie K\u00fcnstliche Intelligenz (KI) k\u00f6nnten die freie Online-Enzyklop\u00e4die mittelfristig in ihrer Existenz bedrohen. Auf dem ersten Wikipedia-Zukunftskongress, organisiert von Wikimedia Deutschland, wurden zahlreiche Ideen gesammelt, wie sich Wikipedia f\u00fcr die Zukunft neu aufstellen k\u00f6nnte.\u00a0<\/span>Damit diese Ideen nicht im Schrank verstauben m\u00f6chten wir einen Prozess anschieben, von den Erkenntnissen und Ergebnissen erz\u00e4hlen, Ideen und Gedanken pr\u00e4sentieren sowie in die Umsetzung kommen.<\/p>\n<\/div>\n<\/div><\/div>\n\n<div class='grid grid-cols-12 container'><div class='col-span-12 lg:col-span-8 lg:col-start-3'><div class=\"bb-spacer-block h-2 lg:h-4 \">\n\t\n<\/div>\n\n<\/div><\/div>\n\n<div class='grid grid-cols-12 container'><div class='col-span-12 lg:col-span-8 lg:col-start-3'>\n<div class=\"wp-block-group alignwide zk-graphic-02 is-layout-constrained wp-block-group-is-layout-constrained\">\n\n<div data-anchor-title=\"\" class=\"bb-headline-block\">\n\t<div class=\"anchor-offset\" id=\"\"><\/div>\n\t\t\t<h4 class=\"default \">\n\t\t\t<span class=\"\">\n\t\t\t\tDu m\u00f6chtest dich an diesem Prozess beteiligen oder einfach informiert bleiben?\t\t\t<\/span>\n\t\t<\/h4>\n\t<\/div>\n\n\n<div id=\"block_e5d634bd77bc95836b3d71416817ef8e\" class=\"bb-button-block flex lg:justify-start\">\n  <a class=\"btn btn-base btn-default btn-primary arrow-right\" href=\"https:\/\/forms.zohopublic.eu\/wmde\/form\/WikipediaZunkunftskongressAnmeldungzumdigitalenFol\/formperma\/VeocaHD-qHEnFpE5UuN8BiMHfp19hNxHu8-QhPmRNuU\" target=\"\">\n  <span class='bb-icon icon-base'><?xml version=\"1.0\" encoding=\"utf-8\"?>\n<svg width=\"20\" height=\"20\" viewBox=\"0 0 20 20\" xmlns=\"http:\/\/www.w3.org\/2000\/svg\" role=\"presentation\" aria-hidden=\"true\">\n  <path d=\"M17 9.96296L12.1601 17H10.3128L14.4877 10.7407H2V9.22222H14.4877L10.3128 3H12.1601L17 9.96296Z\" fill=\"currentColor\"\/>\n<\/svg><\/span>  Dann trage dich gerne in unseren Verteiler ein.  <\/a>\n<\/div>\n<\/div>\n<\/div><\/div>\n\n<div class='grid grid-cols-12 container'><div class='col-span-12 lg:col-span-8 lg:col-start-3'><div class=\"bb-spacer-block h-3 lg:h-6 \">\n\t\n<\/div>\n\n<\/div><\/div>\n\n<div class='grid grid-cols-12 container'><div class='col-span-12 lg:col-span-8 lg:col-start-3'><div class=\"bb-spacer-block h-2 lg:h-4 border-t border-gray-300\">\n\t\n<\/div>\n\n<\/div><\/div>\n\n<div class='grid grid-cols-12 container'><div class='col-span-12 lg:col-span-8 lg:col-start-3'><div class=\"bb-spacer-block h-2 lg:h-4 \">\n\t\n<\/div>\n\n<\/div><\/div>\n\n<div class='grid grid-cols-12 container'><div class='col-span-12 lg:col-span-8 lg:col-start-3'>\n<div class=\"wp-block-columns is-layout-flex wp-container-core-columns-is-layout-9d6595d7 wp-block-columns-is-layout-flex\">\n<div class=\"wp-block-column is-layout-flow wp-block-column-is-layout-flow\" style=\"flex-basis:66.66%\">\n<div class=\"wp-block-group is-nowrap is-layout-flex wp-container-core-group-is-layout-ad2f72ca wp-block-group-is-layout-flex\"><div class=\"bb-paragraph-block font-inherit  text-base lg:text-xl\">\n\t<p>Du hast das Programm des Zukunftskongresses verpasst oder m\u00f6chtest dir die Aufzeichnungen nochmal ansehen?<\/p>\n<p>Schau gerne rein! Wir haben die Keynote und Panels nach den drei Kongress-Themen \u2013 Wissen, Technologie, Community \u2013 aufbereitet. Das waren das Programm:<\/p>\n<p><strong>Wissen | Was braucht die Welt von uns?<\/strong><\/p>\n<ul>\n<li>Keynote: Unordentliche Wissenspraktiken \u2013 Wie ver\u00e4ndert sich der Umgang mit Wissen?<\/li>\n<li>Podium: Informationen teilen, Wissen erschlie\u00dfen \u2013 welche Rolle spielt die Wikipedia?<\/li>\n<\/ul>\n<p><strong>Technologie | Wie gestalten wir den technologischen Wandel?<\/strong><\/p>\n<ul>\n<li>Keynote: Wandel durch KI?<\/li>\n<li>Podium: Handschrift, Buchdruck, WWW \u2013 und was kommt dann?<\/li>\n<\/ul>\n<p><strong>Community | Wie ver\u00e4ndert sich Community?<\/strong><\/p>\n<ul>\n<li>Keynote: Die n\u00e4chste Community: Wie ver\u00e4ndern wir digitale Teilhabe?<\/li>\n<li>Podium: Zwischen Tradition und Innovation \u2013 wie entwickelt sich die Wikipedia-Community?<\/li>\n<\/ul>\n<\/div>\n<\/div>\n<\/div>\n\n\n\n<div class=\"wp-block-column is-layout-flow wp-block-column-is-layout-flow\" style=\"flex-basis:33.33%\">\n<div class=\"wp-block-group alignwide zk-graphic-02 is-layout-constrained wp-block-group-is-layout-constrained\">\n\n<div data-anchor-title=\"\" class=\"bb-headline-block\">\n\t<div class=\"anchor-offset\" id=\"\"><\/div>\n\t\t\t<h4 class=\"default \">\n\t\t\t<span class=\"\">\n\t\t\t\tAlle Keynote und Panels zum Nachschauen\t\t\t<\/span>\n\t\t<\/h4>\n\t<\/div>\n\n\n<div id=\"block_0a637ca7e159170030e277bba0782084\" class=\"bb-button-block flex lg:justify-start\">\n  <a class=\"btn btn-base btn-default btn-primary arrow-right\" href=\"https:\/\/www.wikimedia.de\/zukunftskongress\/aufzeichnungen\/\" target=\"\">\n  <span class='bb-icon icon-base'><?xml version=\"1.0\" encoding=\"utf-8\"?>\n<svg width=\"20\" height=\"20\" viewBox=\"0 0 20 20\" xmlns=\"http:\/\/www.w3.org\/2000\/svg\" role=\"presentation\" aria-hidden=\"true\">\n  <path d=\"M17 9.96296L12.1601 17H10.3128L14.4877 10.7407H2V9.22222H14.4877L10.3128 3H12.1601L17 9.96296Z\" fill=\"currentColor\"\/>\n<\/svg><\/span>  Zu den Aufnahmen  <\/a>\n<\/div>\n<\/div>\n<\/div>\n<\/div>\n<\/div><\/div>\n\n<div class='grid grid-cols-12 container'><div class='col-span-12 lg:col-span-8 lg:col-start-3'><div class=\"bb-spacer-block h-2 lg:h-4 \">\n\t\n<\/div>\n\n<\/div><\/div>\n\n<div class='grid grid-cols-12 container'><div class='col-span-12 lg:col-span-8 lg:col-start-3'>\n<div class=\"wp-block-group is-layout-constrained wp-block-group-is-layout-constrained\"><div class=\"bb-spacer-block h-2 lg:h-4 border-t border-gray-300\">\n\t\n<\/div>\n\n<\/div>\n<\/div><\/div>\n\n<div class='grid grid-cols-12 container'><div class='col-span-12 lg:col-span-8 lg:col-start-3'><div class=\"bb-spacer-block h-2 lg:h-4 \">\n\t\n<\/div>\n\n<\/div><\/div>\n\n<div class='grid grid-cols-12 container'><div class='col-span-12 lg:col-span-8 lg:col-start-3'>\n<div class=\"wp-block-columns is-layout-flex wp-container-core-columns-is-layout-9d6595d7 wp-block-columns-is-layout-flex\">\n<div class=\"wp-block-column is-layout-flow wp-block-column-is-layout-flow\" style=\"flex-basis:66.66%\"><div class=\"bb-paragraph-block font-inherit  text-base lg:text-xl\">\n\t<p>Die Zukunft der Wikipedia wird gemeinschaftlich gestaltet. Umso wichtiger ist es, verschiedene Meinungen und Perspektiven einzubeziehen.<\/p>\n<p>Neben einer Vorabumfrage, in der wir euch \u00fcber z.B. k\u00fcnftige Chancen und Herausforderungen innerhalb der Wikipedia befragte, \u00fcber die Ideensammlung im Board, in dem wir eure Ideen und Gedanken zum Kongress speichern hinzu den Workshops, in denen wir online und vor Ort mit Teilnehmenden \u00fcber konkrete Ma\u00dfnahmen debattierten \u2013 die Ideen, Gedanken und Ergebnisse der unterschiedlichen Beteiligungsformate haben wir in der Dokumentation f\u00fcr euch aufbereitet. Schaut gern rein. <\/p>\n<\/div>\n<\/div>\n\n\n\n<div class=\"wp-block-column is-layout-flow wp-block-column-is-layout-flow\" style=\"flex-basis:33.33%\">\n<div class=\"wp-block-group alignwide zk-graphic-02 is-layout-constrained wp-block-group-is-layout-constrained\">\n\n<div data-anchor-title=\"\" class=\"bb-headline-block\">\n\t<div class=\"anchor-offset\" id=\"\"><\/div>\n\t\t\t<h4 class=\"default \">\n\t\t\t<span class=\"\">\n\t\t\t\tAlle Ideen und Ergebnisse des Kongresses\t\t\t<\/span>\n\t\t<\/h4>\n\t<\/div>\n\n\n<div id=\"block_08ec0ae93a1b8e949f2ece577c5675bc\" class=\"bb-button-block flex lg:justify-start\">\n  <a class=\"btn btn-base btn-default btn-primary arrow-right\" href=\"https:\/\/www.wikimedia.de\/zukunftskongress\/dokumentation\/\" target=\"\">\n  <span class='bb-icon icon-base'><?xml version=\"1.0\" encoding=\"utf-8\"?>\n<svg width=\"20\" height=\"20\" viewBox=\"0 0 20 20\" xmlns=\"http:\/\/www.w3.org\/2000\/svg\" role=\"presentation\" aria-hidden=\"true\">\n  <path d=\"M17 9.96296L12.1601 17H10.3128L14.4877 10.7407H2V9.22222H14.4877L10.3128 3H12.1601L17 9.96296Z\" fill=\"currentColor\"\/>\n<\/svg><\/span>  Zur Dokumentation  <\/a>\n<\/div>\n<\/div>\n<\/div>\n<\/div>\n<\/div><\/div>\n\n<div class='grid grid-cols-12 container'><div class='col-span-12 lg:col-span-8 lg:col-start-3'><div class=\"bb-spacer-block h-2 lg:h-4 \">\n\t\n<\/div>\n\n<\/div><\/div>\n\n<div class='grid grid-cols-12 container'><div class='col-span-12 lg:col-span-8 lg:col-start-3'><div class=\"bb-spacer-block h-2 lg:h-4 border-t border-gray-300\">\n\t\n<\/div>\n\n<\/div><\/div>\n\n<div class='grid grid-cols-12 container'><div class='col-span-12 lg:col-span-8 lg:col-start-3'><div class=\"bb-spacer-block h-2 lg:h-4 \">\n\t\n<\/div>\n\n<\/div><\/div>\n\n<div class='grid grid-cols-12 container'><div class='col-span-12 lg:col-span-8 lg:col-start-3'>\n\n<div data-anchor-title=\"\" class=\"bb-headline-block\">\n\t<div class=\"anchor-offset\" id=\"\"><\/div>\n\t\t\t<h3 class=\"default \">\n\t\t\t<span class=\"\">\n\t\t\t\tVisionen f\u00fcr die Zukunft der Wikipedia\t\t\t<\/span>\n\t\t<\/h3>\n\t<\/div>\n<\/div><\/div>\n\n<div class='grid grid-cols-12 container'><div class='col-span-12 lg:col-span-8 lg:col-start-3'><div class=\"bb-spacer-block h-2 lg:h-4 \">\n\t\n<\/div>\n\n<\/div><\/div>\n\n<div class='grid grid-cols-12 container'><div class='col-span-12 lg:col-span-8 lg:col-start-3'><div class=\"bb-paragraph-block font-inherit  text-base lg:text-xl\">\n\t<p>Wir haben euch gefragt: Wie soll sich die Wikipedia deiner Meinung nach weiterentwickeln? Und welche Herausforderungen und Chancen siehst du f\u00fcr die Online-Enzyklop\u00e4die?<\/p>\n<p>Dazu haben uns Videos von Weggef\u00e4hrt*innen und viele schriftliche Ideen und Gedanken erreicht.<\/p>\n<\/div>\n<\/div><\/div>\n\n<div class='grid grid-cols-12 container'><div class='col-span-12 lg:col-span-8 lg:col-start-3'>\n<div class=\"wp-block-columns is-layout-flex wp-container-core-columns-is-layout-9d6595d7 wp-block-columns-is-layout-flex\">\n<div class=\"wp-block-column is-layout-flow wp-block-column-is-layout-flow\" style=\"flex-basis:66.66%\"><figure><video preload=\"none\" poster=\"https:\/\/upload.wikimedia.org\/wikipedia\/commons\/thumb\/b\/bc\/Wikipedia-Zukunftskongress_2024_-_Visionen_f%C3%BCr_die_Zukunft_der_Wikipedia.webm\/1024px--Wikipedia-Zukunftskongress_2024_-_Visionen_f%C3%BCr_die_Zukunft_der_Wikipedia.webm.jpg\" controls><source src=\"https:\/\/upload.wikimedia.org\/wikipedia\/commons\/b\/bc\/Wikipedia-Zukunftskongress_2024_-_Visionen_f%C3%BCr_die_Zukunft_der_Wikipedia.webm\" type=\"video\/webm\"><\/video><\/figure><\/div>\n\n\n\n<div class=\"wp-block-column is-layout-flow wp-block-column-is-layout-flow\" style=\"flex-basis:33.33%\">\n<div class=\"wp-block-group alignwide zk-graphic-02 is-layout-constrained wp-block-group-is-layout-constrained\">\n\n<div data-anchor-title=\"\" class=\"bb-headline-block\">\n\t<div class=\"anchor-offset\" id=\"\"><\/div>\n\t\t\t<h4 class=\"default \">\n\t\t\t<span class=\"\">\n\t\t\t\tEure Gedanken zur Zukunft der Wikipedia\t\t\t<\/span>\n\t\t<\/h4>\n\t<\/div>\n\n\n<div id=\"block_bddbaf7ef4f761ba9806ae62c4c3058b\" class=\"bb-button-block flex lg:justify-start\">\n  <a class=\"btn btn-base btn-default btn-primary arrow-right\" href=\"https:\/\/www.wikimedia.de\/zukunftskongress\/eure-beitraege-zur-zukunft-der-wikipedia\/deine-vision\/\" target=\"\">\n  <span class='bb-icon icon-base'><?xml version=\"1.0\" encoding=\"utf-8\"?>\n<svg width=\"20\" height=\"20\" viewBox=\"0 0 20 20\" xmlns=\"http:\/\/www.w3.org\/2000\/svg\" role=\"presentation\" aria-hidden=\"true\">\n  <path d=\"M17 9.96296L12.1601 17H10.3128L14.4877 10.7407H2V9.22222H14.4877L10.3128 3H12.1601L17 9.96296Z\" fill=\"currentColor\"\/>\n<\/svg><\/span>  Zu den Einreichungen  <\/a>\n<\/div>\n<\/div>\n<\/div>\n<\/div>\n<\/div><\/div>","protected":false},"excerpt":{"rendered":"","protected":false},"author":2,"featured_media":20,"parent":0,"menu_order":0,"comment_status":"closed","ping_status":"closed","template":"","meta":{"_acf_changed":false,"footnotes":""},"class_list":["post-18","page","type-page","status-publish","has-post-thumbnail","hentry"],"acf":[],"_links":{"self":[{"href":"https:\/\/www.wikimedia.de\/zukunftskongress\/wp-json\/wp\/v2\/pages\/18","targetHints":{"allow":["GET"]}}],"collection":[{"href":"https:\/\/www.wikimedia.de\/zukunftskongress\/wp-json\/wp\/v2\/pages"}],"about":[{"href":"https:\/\/www.wikimedia.de\/zukunftskongress\/wp-json\/wp\/v2\/types\/page"}],"author":[{"embeddable":true,"href":"https:\/\/www.wikimedia.de\/zukunftskongress\/wp-json\/wp\/v2\/users\/2"}],"replies":[{"embeddable":true,"href":"https:\/\/www.wikimedia.de\/zukunftskongress\/wp-json\/wp\/v2\/comments?post=18"}],"version-history":[{"count":68,"href":"https:\/\/www.wikimedia.de\/zukunftskongress\/wp-json\/wp\/v2\/pages\/18\/revisions"}],"predecessor-version":[{"id":1222,"href":"https:\/\/www.wikimedia.de\/zukunftskongress\/wp-json\/wp\/v2\/pages\/18\/revisions\/1222"}],"wp:featuredmedia":[{"embeddable":true,"href":"https:\/\/www.wikimedia.de\/zukunftskongress\/wp-json\/wp\/v2\/media\/20"}],"wp:attachment":[{"href":"https:\/\/www.wikimedia.de\/zukunftskongress\/wp-json\/wp\/v2\/media?parent=18"}],"curies":[{"name":"wp","href":"https:\/\/api.w.org\/{rel}","templated":true}]}}