{"id":926,"date":"2024-06-21T09:27:01","date_gmt":"2024-06-21T07:27:01","guid":{"rendered":"https:\/\/www.wikimedia.de\/zukunftskongress\/?page_id=926"},"modified":"2024-07-09T15:28:45","modified_gmt":"2024-07-09T13:28:45","slug":"wie-gestalten-wir-den-technologischen-wandel","status":"publish","type":"page","link":"https:\/\/www.wikimedia.de\/zukunftskongress\/aufzeichnungen\/wie-gestalten-wir-den-technologischen-wandel\/","title":{"rendered":"Wie gestalten wir den technologischen Wandel?"},"content":{"rendered":"<div class='grid grid-cols-12 container'><div class='col-span-12 lg:col-span-8 lg:col-start-3'><div class=\"bb-paragraph-block font-inherit  text-base lg:text-xl\">\n\t<p>In einer \u00c4ra, die von einem beispiellosen Tempo technologischer Innovationen gepr\u00e4gt ist, stehen wir vor der zentralen Frage: Wie k\u00f6nnen wir diesen Wandel aktiv mitgestalten? Dieses Thema ist eine Einladung zur tiefen Reflexion \u00fcber unsere Rolle als Gestalterinnen und Gestalter einer digitalen Zukunft, in der Technologie eine immer gr\u00f6\u00dfere Bedeutung f\u00fcr die Art und Weise hat, wie wir Wissen erzeugen, teilen und nutzen. Die Keynote bietet einen faszinierenden Einblick in kommende Technologien, die die Landschaft der Wissensproduktion pr\u00e4gen werden, einschlie\u00dflich ihrer Auswirkungen auf Plattformen wie Wikipedia. Im anschlie\u00dfenden Panel kommen Expertinnen und Experten zusammen, um die Herausforderungen und Chancen des technologischen Wandels zu diskutieren und Wege zu er\u00f6rtern, wie wir diesen Wandel positiv gestalten k\u00f6nnen.<\/p>\n<\/div>\n<\/div><\/div>\n\n<div class='grid grid-cols-12 container'><div class='col-span-12 lg:col-span-8 lg:col-start-3'>\n<div class=\"wp-block-group alignwide zk-graphic-02 is-layout-constrained wp-block-group-is-layout-constrained\">\n\n<div data-anchor-title=\"\" class=\"bb-headline-block\">\n\t<div class=\"anchor-offset\" id=\"\"><\/div>\n\t\t\t<h4 class=\"default \">\n\t\t\t<span class=\"\">\n\t\t\t\tDu m\u00f6chtest dich an diesem Prozess beteiligen oder einfach informiert bleiben?\t\t\t<\/span>\n\t\t<\/h4>\n\t<\/div>\n\n\n<div id=\"block_bca54526361dac9e974a96829c615876\" class=\"bb-button-block flex lg:justify-start\">\n  <a class=\"btn btn-base btn-default btn-primary arrow-right\" href=\"https:\/\/forms.zohopublic.eu\/wmde\/form\/WikipediaZunkunftskongressAnmeldungzumdigitalenFol\/formperma\/VeocaHD-qHEnFpE5UuN8BiMHfp19hNxHu8-QhPmRNuU\" target=\"\">\n  <span class='bb-icon icon-base'><?xml version=\"1.0\" encoding=\"utf-8\"?>\n<svg width=\"20\" height=\"20\" viewBox=\"0 0 20 20\" xmlns=\"http:\/\/www.w3.org\/2000\/svg\" role=\"presentation\" aria-hidden=\"true\">\n  <path d=\"M17 9.96296L12.1601 17H10.3128L14.4877 10.7407H2V9.22222H14.4877L10.3128 3H12.1601L17 9.96296Z\" fill=\"currentColor\"\/>\n<\/svg><\/span>  Dann trage dich gerne in unseren Verteiler ein.  <\/a>\n<\/div>\n<\/div>\n<\/div><\/div>\n\n<div class='grid grid-cols-12 container'><div class='col-span-12 lg:col-span-8 lg:col-start-3'><div class=\"bb-spacer-block h-2 lg:h-4 \">\n\t\n<\/div>\n\n<\/div><\/div>\n\n<div class='grid grid-cols-12 container'><div class='col-span-12 lg:col-span-8 lg:col-start-3'><div class=\"bb-spacer-block h-3 lg:h-6 border-t border-gray-300\">\n\t\n<\/div>\n\n<\/div><\/div>\n\n<div class='grid grid-cols-12 container'><div class='col-span-12 lg:col-span-8 lg:col-start-3'><div class=\"bb-spacer-block h-3 lg:h-6 \">\n\t\n<\/div>\n\n<\/div><\/div>\n\n<div class='grid grid-cols-12 container'><div class='col-span-12 lg:col-span-8 lg:col-start-3'>\n\n<div data-anchor-title=\"\" class=\"bb-headline-block\">\n\t<div class=\"anchor-offset\" id=\"\"><\/div>\n\t\t\t<h3 class=\"default \">\n\t\t\t<span class=\"\">\n\t\t\t\tWas nehmen wir mit?\t\t\t<\/span>\n\t\t<\/h3>\n\t<\/div>\n<\/div><\/div>\n\n<div class='grid grid-cols-12 container'><div class='col-span-12 lg:col-span-8 lg:col-start-3'><div class=\"bb-spacer-block h-3 lg:h-6 \">\n\t\n<\/div>\n\n<\/div><\/div>\n\n<div class='grid grid-cols-12 container'><div class='col-span-12 lg:col-span-8 lg:col-start-3'>\n<div class=\"wp-block-columns is-layout-flex wp-container-core-columns-is-layout-9d6595d7 wp-block-columns-is-layout-flex\">\n<div class=\"wp-block-column is-layout-flow wp-block-column-is-layout-flow\" style=\"flex-basis:33.33%\"><div class=\"bb-paragraph-block font-inherit  text-base lg:text-xl\">\n\t<p><span style=\"font-weight: 400;\">Theresa Z\u00fcger sprach \u00fcber die vielf\u00e4ltigen Definitionen von K\u00fcnstlicher Intelligenz (KI), die von maschinellem Lernen bis zu neuronalen Netzwerken reichen. Z\u00fcger unterschied zwischen spezifischer KI, die neues Wissen generiert, und General-Purpose-KI, die bestehendes Wissen repliziert.<\/span><\/p>\n<\/div>\n<\/div>\n\n\n\n<div class=\"wp-block-column is-layout-flow wp-block-column-is-layout-flow\" style=\"flex-basis:66.66%\">\n<div class=\"bb-image-block my-4\">\n            <figure class=\"flex flex-col relative \" role=\"group\">\n        <img loading=\"lazy\" decoding=\"async\" width=\"2560\" height=\"1440\" src=\"https:\/\/www.wikimedia.de\/zukunftskongress\/wp-content\/uploads\/2024\/06\/Wiki_06_-_Technologie-1-scaled.jpg\" class=\"w-full h-auto \" alt=\"Graphic Recording \u2013 Wie gestalten wir den technologischen Wandel?\" sizes=\"auto,  \" srcset=\"https:\/\/www.wikimedia.de\/zukunftskongress\/wp-content\/uploads\/2024\/06\/Wiki_06_-_Technologie-1-scaled.jpg 2560w, https:\/\/www.wikimedia.de\/zukunftskongress\/wp-content\/uploads\/2024\/06\/Wiki_06_-_Technologie-1-300x169.jpg 300w, https:\/\/www.wikimedia.de\/zukunftskongress\/wp-content\/uploads\/2024\/06\/Wiki_06_-_Technologie-1-1024x576.jpg 1024w, https:\/\/www.wikimedia.de\/zukunftskongress\/wp-content\/uploads\/2024\/06\/Wiki_06_-_Technologie-1-768x432.jpg 768w, https:\/\/www.wikimedia.de\/zukunftskongress\/wp-content\/uploads\/2024\/06\/Wiki_06_-_Technologie-1-1536x864.jpg 1536w, https:\/\/www.wikimedia.de\/zukunftskongress\/wp-content\/uploads\/2024\/06\/Wiki_06_-_Technologie-1-2048x1152.jpg 2048w\" \/>                <figcaption class=\"invisible flex absolute left-0 bottom-0 right-0 text-white bg-gray-900 w-auto h-auto z-20 p-2 text-sm flex items-start gap-4 break-all \">\n            <span class='bb-icon flex-shrink-0'><?xml version=\"1.0\" encoding=\"utf-8\"?>\n<svg width=\"16\" height=\"16\" fill=\"none\" viewBox=\"0 0 16 16\" xmlns=\"http:\/\/www.w3.org\/2000\/svg\" role=\"presentation\" aria-hidden=\"true\">\n  <path fill-rule=\"evenodd\" clip-rule=\"evenodd\" d=\"M16 8C16 10.1217 15.1571 12.1566 13.6569 13.6569C12.1566 15.1571 10.1217 16 8 16C5.87827 16 3.84344 15.1571 2.34315 13.6569C0.842855 12.1566 0 10.1217 0 8C0 5.87827 0.842855 3.84344 2.34315 2.34315C3.84344 0.842855 5.87827 0 8 0C10.1217 0 12.1566 0.842855 13.6569 2.34315C15.1571 3.84344 16 5.87827 16 8ZM9 4C9 4.26522 8.89464 4.51957 8.70711 4.70711C8.51957 4.89464 8.26522 5 8 5C7.73478 5 7.48043 4.89464 7.29289 4.70711C7.10536 4.51957 7 4.26522 7 4C7 3.73478 7.10536 3.48043 7.29289 3.29289C7.48043 3.10536 7.73478 3 8 3C8.26522 3 8.51957 3.10536 8.70711 3.29289C8.89464 3.48043 9 3.73478 9 4ZM7 7C6.73478 7 6.48043 7.10536 6.29289 7.29289C6.10536 7.48043 6 7.73478 6 8C6 8.26522 6.10536 8.51957 6.29289 8.70711C6.48043 8.89464 6.73478 9 7 9V12C7 12.2652 7.10536 12.5196 7.29289 12.7071C7.48043 12.8946 7.73478 13 8 13H9C9.26522 13 9.51957 12.8946 9.70711 12.7071C9.89464 12.5196 10 12.2652 10 12C10 11.7348 9.89464 11.4804 9.70711 11.2929C9.51957 11.1054 9.26522 11 9 11V8C9 7.73478 8.89464 7.48043 8.70711 7.29289C8.51957 7.10536 8.26522 7 8 7H7Z\" fill=\"white\"\/>\n<\/svg><\/span> <div class=\"self-center\">\u00a9 Miriam Barton<\/div>\n        <\/figcaption>\n            <\/figure>\n        <\/div><\/div>\n<\/div>\n<\/div><\/div>\n\n<div class='grid grid-cols-12 container'><div class='col-span-12 lg:col-span-8 lg:col-start-3'><div class=\"bb-paragraph-block font-inherit  text-base lg:text-xl\">\n\t<p><span style=\"font-weight: 400;\">Sie betonte, dass KI-Systeme vorhandenes Wissen extrahieren und modellieren, um individuelle Kenntnisse zu erweitern, jedoch nicht das kollektive Wissen. Risiken der KI umfassen mangelnde Transparenz und den Umgang mit personenbezogenen Daten, w\u00e4hrend Erfolgsfaktoren finanzielle und strukturelle Ressourcen sowie das Potenzial als Wissensarchiv sind. Wikipedia bleibt ihrer Ansicht nach als partizipative Wissensplattform unverzichtbar, da KI diese Arbeit nicht ersetzen kann.<\/span><\/p>\n<p><span style=\"font-weight: 400;\">Das anschlie\u00dfende Panel diskutierte die Nutzung von Wikipedia als Datenbasis f\u00fcr KI. Wikipedia-Daten sind wertvoll und werden von gro\u00dfen Unternehmen oft ohne Gegenleistung genutzt. Durch zukunftstr\u00e4chtige Projekte wie Wikidata kann Wikimedia strukturierte Daten bereitstellen und so die Entwicklung von KI-Systemen mitgestalten.<\/span><\/p>\n<p><span style=\"font-weight: 400;\">Ein zentrales Thema war die Vermeidung der Reproduktion von Vorurteilen durch KI. Wikipedia und KI spiegeln gesellschaftliche Pr\u00e4gungen wider, weshalb interdisziplin\u00e4re Teams n\u00f6tig sind, um Bias fr\u00fchzeitig zu erkennen. Fairness in KI ist komplex und erfordert menschliche Moderation.<\/span><\/p>\n<p><span style=\"font-weight: 400;\">In der Abschlussrunde wurde betont, dass KI-Systeme im Einklang mit den Werten der Wikipedia-Gemeinschaft genutzt werden sollten. Transparenz und Partizipation sind entscheidend, um den Bildungsauftrag zu erf\u00fcllen. Kompetenzaufbau und die Darstellung von Pluralismus im Wissen sind notwendig. Die Entwicklung kollaborativer Tools und die Offenheit f\u00fcr Innovation innerhalb der Community sind ebenso essentiell, um den technologischen Wandel aktiv zu gestalten.<\/span><\/p>\n<\/div>\n<\/div><\/div>\n\n<div class='grid grid-cols-12 container'><div class='col-span-12 lg:col-span-8 lg:col-start-3'><div class=\"bb-spacer-block h-3 lg:h-6 border-t border-gray-300\">\n\t\n<\/div>\n\n<\/div><\/div>\n\n<div class='grid grid-cols-12 container'><div class='col-span-12 lg:col-span-8 lg:col-start-3'><div class=\"bb-spacer-block h-3 lg:h-6 \">\n\t\n<\/div>\n\n<\/div><\/div>\n\n<div class='grid grid-cols-12 container'><div class='col-span-12 lg:col-span-8 lg:col-start-3'>\n\n<div data-anchor-title=\"\" class=\"bb-headline-block\">\n\t<div class=\"anchor-offset\" id=\"\"><\/div>\n\t\t\t<h3 class=\"default \">\n\t\t\t<span class=\"\">\n\t\t\t\tKeynote: Wandel durch KI?\t\t\t<\/span>\n\t\t<\/h3>\n\t<\/div>\n<\/div><\/div>\n\n<div class='grid grid-cols-12 container'><div class='col-span-12 lg:col-span-8 lg:col-start-3'><div class=\"bb-spacer-block h-3 lg:h-6 \">\n\t\n<\/div>\n\n<\/div><\/div>\n\n<div class='grid grid-cols-12 container'><div class='col-span-12 lg:col-span-8 lg:col-start-3'>\n<div class=\"wp-block-columns is-layout-flex wp-container-core-columns-is-layout-9d6595d7 wp-block-columns-is-layout-flex\">\n<div class=\"wp-block-column is-layout-flow wp-block-column-is-layout-flow\">\n\n<div data-anchor-title=\"\" class=\"bb-headline-block\">\n\t<div class=\"anchor-offset\" id=\"\"><\/div>\n\t\t\t<h4 class=\"default \">\n\t\t\t<span class=\"\">\n\t\t\t\tInhalt zur Keynote\t\t\t<\/span>\n\t\t<\/h4>\n\t<\/div>\n\n\n<div class=\"bb-paragraph-block font-inherit  text-base lg:text-xl\">\n\t<p>KI wird von der Erz\u00e4hlung begleitet, dass sie unweigerlich unsere Gesellschaft ver\u00e4ndert. Aber wie genau sieht dieser Wandel aus und wie sollte er aussehen? Wie k\u00f6nnen gemeinwohlorientierte Initiativen KI f\u00fcr sich nutzen? Mit diesen Fragen besch\u00e4ftigt sich diese Keynote und greift dabei auf Forschung \u00fcber gemeinwohlorientierte KI Projekte zur\u00fcck, schaut jedoch auch in die Zukunft von w\u00fcnschenswerten M\u00f6glichkeiten der KI-Gestaltung.<\/p>\n<\/div>\n<\/div>\n\n\n\n<div class=\"wp-block-column is-layout-flow wp-block-column-is-layout-flow\"><div class=\"bb-spacer-block h-3 lg:h-6 \">\n\t\n<\/div>\n\n\n\n<figure><video preload=\"none\" poster=\"https:\/\/upload.wikimedia.org\/wikipedia\/commons\/thumb\/5\/5e\/Wikipedia-Zukunftskongress_2024_%E2%80%93_Keynote_2.webm\/1024px--Wikipedia-Zukunftskongress_2024_%E2%80%93_Keynote_2.webm.jpg\" controls><source src=\"https:\/\/upload.wikimedia.org\/wikipedia\/commons\/5\/5e\/Wikipedia-Zukunftskongress_2024_%E2%80%93_Keynote_2.webm\" type=\"video\/webm\"><\/video><\/figure><\/div>\n<\/div>\n<\/div><\/div>\n\n<div class='grid grid-cols-12 container'><div class='col-span-12 lg:col-span-8 lg:col-start-3'><div class=\"bb-spacer-block h-3 lg:h-6 border-t border-gray-300\">\n\t\n<\/div>\n\n<\/div><\/div>\n\n<div class='grid grid-cols-12 container'><div class='col-span-12 lg:col-span-8 lg:col-start-3'><div class=\"bb-spacer-block h-3 lg:h-6 \">\n\t\n<\/div>\n\n<\/div><\/div>\n\n<div class='grid grid-cols-12 container'><div class='col-span-12 lg:col-span-8 lg:col-start-3'>\n\n<div data-anchor-title=\"\" class=\"bb-headline-block\">\n\t<div class=\"anchor-offset\" id=\"\"><\/div>\n\t\t\t<h3 class=\"default \">\n\t\t\t<span class=\"\">\n\t\t\t\tPodium: Handschrift, Buchdruck, WWW \u2013 und was kommt dann?\t\t\t<\/span>\n\t\t<\/h3>\n\t<\/div>\n<\/div><\/div>\n\n<div class='grid grid-cols-12 container'><div class='col-span-12 lg:col-span-8 lg:col-start-3'><div class=\"bb-spacer-block h-3 lg:h-6 \">\n\t\n<\/div>\n\n<\/div><\/div>\n\n<div class='grid grid-cols-12 container'><div class='col-span-12 lg:col-span-8 lg:col-start-3'>\n<div class=\"wp-block-columns is-layout-flex wp-container-core-columns-is-layout-9d6595d7 wp-block-columns-is-layout-flex\">\n<div class=\"wp-block-column is-layout-flow wp-block-column-is-layout-flow\">\n\n<div data-anchor-title=\"\" class=\"bb-headline-block\">\n\t<div class=\"anchor-offset\" id=\"\"><\/div>\n\t\t\t<h4 class=\"default \">\n\t\t\t<span class=\"\">\n\t\t\t\tInhalt des Podiums\t\t\t<\/span>\n\t\t<\/h4>\n\t<\/div>\n\n\n<div class=\"bb-paragraph-block font-inherit  text-base lg:text-xl\">\n\t<p>Als die Wikipedia 2001 gegr\u00fcndet wurde, war das vor allem auch eine durch Technik unterst\u00fctzte Revolution. Damit war eine v\u00f6llig neue Art geboren, Wissen breitfl\u00e4chig zu verteilen! Die Wikipedia hatte das Lexikon schnell nicht nur ersetzt, sondern weitergedacht.<\/p>\n<p>Technologie entwickelte sich seitdem rasant weiter, die Wikipedia blieb \u2013 im Gro\u00dfen und Ganzen \u2013 gleich. Welche technologischen Entwicklungen lohnt es sich anzueignen? Wie kann digitale Wissensarbeit und -verbreitung von ihnen profitieren? Oder provokant gefragt: Wie k\u00f6nnen wir im Zeitalter von Smartphone, Social Media und KI daf\u00fcr sorgen, dass der Wikipedia-Idee nicht dasselbe passiert wie dem Lexikon?<\/p>\n<\/div>\n<\/div>\n\n\n\n<div class=\"wp-block-column is-layout-flow wp-block-column-is-layout-flow\"><div class=\"bb-spacer-block h-3 lg:h-6 \">\n\t\n<\/div>\n\n\n\n<figure><video preload=\"none\" poster=\"https:\/\/upload.wikimedia.org\/wikipedia\/commons\/thumb\/9\/95\/Wikipedia-Zukunftskongress_2024_%E2%80%93_Podium_Handschrift%2C_Buchdruck%2C_WWW_-_und_was_kommt_dann%3F.webm\/1024px--Wikipedia-Zukunftskongress_2024_%E2%80%93_Podium_Handschrift%2C_Buchdruck%2C_WWW_-_und_was_kommt_dann%3F.webm.jpg\" controls><source src=\"https:\/\/upload.wikimedia.org\/wikipedia\/commons\/9\/95\/Wikipedia-Zukunftskongress_2024_%E2%80%93_Podium_Handschrift%2C_Buchdruck%2C_WWW_-_und_was_kommt_dann%3F.webm\" type=\"video\/webm\"><\/video><\/figure><\/div>\n<\/div>\n<\/div><\/div>\n\n<div class='grid grid-cols-12 container'><div class='col-span-12 lg:col-span-8 lg:col-start-3'><div class=\"bb-spacer-block h-3 lg:h-6 \">\n\t\n<\/div>\n\n<\/div><\/div>\n\n<div class='grid grid-cols-12 container'><div class='col-span-12 lg:col-span-8 lg:col-start-3'><div class=\"bb-spacer-block h-3 lg:h-6 \">\n\t\n<\/div>\n\n<\/div><\/div>\n\n<div class='grid grid-cols-12 container'><div class='col-span-12 lg:col-span-8 lg:col-start-3'>\n<div class=\"wp-block-columns is-layout-flex wp-container-core-columns-is-layout-9d6595d7 wp-block-columns-is-layout-flex\">\n<div class=\"wp-block-column is-layout-flow wp-block-column-is-layout-flow\" style=\"flex-basis:33.33%\"><\/div>\n\n\n\n<div class=\"wp-block-column is-layout-flow wp-block-column-is-layout-flow\" style=\"flex-basis:66.66%\"><\/div>\n<\/div>\n<\/div><\/div>\n\n<div class='grid grid-cols-12 container'><div class='col-span-12 lg:col-span-8 lg:col-start-3'>\n<div class=\"wp-block-columns is-layout-flex wp-container-core-columns-is-layout-9d6595d7 wp-block-columns-is-layout-flex\">\n<div class=\"wp-block-column is-layout-flow wp-block-column-is-layout-flow\" style=\"flex-basis:33.33%\"><\/div>\n\n\n\n<div class=\"wp-block-column is-layout-flow wp-block-column-is-layout-flow\" style=\"flex-basis:66.66%\"><\/div>\n<\/div>\n<\/div><\/div>","protected":false},"excerpt":{"rendered":"","protected":false},"author":3,"featured_media":0,"parent":908,"menu_order":0,"comment_status":"closed","ping_status":"closed","template":"","meta":{"_acf_changed":false,"footnotes":""},"class_list":["post-926","page","type-page","status-publish","hentry"],"acf":[],"_links":{"self":[{"href":"https:\/\/www.wikimedia.de\/zukunftskongress\/wp-json\/wp\/v2\/pages\/926","targetHints":{"allow":["GET"]}}],"collection":[{"href":"https:\/\/www.wikimedia.de\/zukunftskongress\/wp-json\/wp\/v2\/pages"}],"about":[{"href":"https:\/\/www.wikimedia.de\/zukunftskongress\/wp-json\/wp\/v2\/types\/page"}],"author":[{"embeddable":true,"href":"https:\/\/www.wikimedia.de\/zukunftskongress\/wp-json\/wp\/v2\/users\/3"}],"replies":[{"embeddable":true,"href":"https:\/\/www.wikimedia.de\/zukunftskongress\/wp-json\/wp\/v2\/comments?post=926"}],"version-history":[{"count":10,"href":"https:\/\/www.wikimedia.de\/zukunftskongress\/wp-json\/wp\/v2\/pages\/926\/revisions"}],"predecessor-version":[{"id":1205,"href":"https:\/\/www.wikimedia.de\/zukunftskongress\/wp-json\/wp\/v2\/pages\/926\/revisions\/1205"}],"up":[{"embeddable":true,"href":"https:\/\/www.wikimedia.de\/zukunftskongress\/wp-json\/wp\/v2\/pages\/908"}],"wp:attachment":[{"href":"https:\/\/www.wikimedia.de\/zukunftskongress\/wp-json\/wp\/v2\/media?parent=926"}],"curies":[{"name":"wp","href":"https:\/\/api.w.org\/{rel}","templated":true}]}}