{"id":929,"date":"2024-06-21T09:27:07","date_gmt":"2024-06-21T07:27:07","guid":{"rendered":"https:\/\/www.wikimedia.de\/zukunftskongress\/?page_id=929"},"modified":"2024-07-09T15:29:22","modified_gmt":"2024-07-09T13:29:22","slug":"wie-veraendert-sich-community","status":"publish","type":"page","link":"https:\/\/www.wikimedia.de\/zukunftskongress\/aufzeichnungen\/wie-veraendert-sich-community\/","title":{"rendered":"Wie ver\u00e4ndert sich Community?"},"content":{"rendered":"<div class='grid grid-cols-12 container'><div class='col-span-12 lg:col-span-8 lg:col-start-3'><div class=\"bb-paragraph-block font-inherit  text-base lg:text-xl\">\n\t<p>Wikipedia gilt als eine der langlebigsten und bedeutendsten Online-Communities. In einer zunehmend vernetzten Welt gewinnt die Dynamik und Entwicklung von Communitys an immer gr\u00f6\u00dferer Bedeutung. Wir wollen in diesem Themenblock die Ver\u00e4nderungen und Herausforderungen besprechen, die die Online-Communitys im digitalen Zeitalter pr\u00e4gen. Die Keynote bietet einen Einblick in die Evolution von Online-Communitys und beleuchtet verschiedene Aspekte dieser dynamischen sozialen Strukturen. Im anschlie\u00dfenden Panel werfen wir einen Blick auf die Rolle von Wikipedia als Pionier und Plattform f\u00fcr kollaboratives Wissen. Expert*innen aus verschiedenen Communities werden einen Blick in die Zukunft der Community-Entwicklung werfen und Wege diskutieren, wie wir diese Ver\u00e4nderungen positiv gestalten k\u00f6nnen.<\/p>\n<\/div>\n<\/div><\/div>\n\n<div class='grid grid-cols-12 container'><div class='col-span-12 lg:col-span-8 lg:col-start-3'>\n<div class=\"wp-block-group alignwide zk-graphic-02 is-layout-constrained wp-block-group-is-layout-constrained\">\n\n<div data-anchor-title=\"\" class=\"bb-headline-block\">\n\t<div class=\"anchor-offset\" id=\"\"><\/div>\n\t\t\t<h4 class=\"default \">\n\t\t\t<span class=\"\">\n\t\t\t\tDu m\u00f6chtest dich an diesem Prozess beteiligen oder einfach informiert bleiben?\t\t\t<\/span>\n\t\t<\/h4>\n\t<\/div>\n\n\n<div id=\"block_2bcafaddd0f3e59e1dfef9d2415a314f\" class=\"bb-button-block flex lg:justify-start\">\n  <a class=\"btn btn-base btn-default btn-primary arrow-right\" href=\"https:\/\/forms.zohopublic.eu\/wmde\/form\/WikipediaZunkunftskongressAnmeldungzumdigitalenFol\/formperma\/VeocaHD-qHEnFpE5UuN8BiMHfp19hNxHu8-QhPmRNuU\" target=\"\">\n  <span class='bb-icon icon-base'><?xml version=\"1.0\" encoding=\"utf-8\"?>\n<svg width=\"20\" height=\"20\" viewBox=\"0 0 20 20\" xmlns=\"http:\/\/www.w3.org\/2000\/svg\" role=\"presentation\" aria-hidden=\"true\">\n  <path d=\"M17 9.96296L12.1601 17H10.3128L14.4877 10.7407H2V9.22222H14.4877L10.3128 3H12.1601L17 9.96296Z\" fill=\"currentColor\"\/>\n<\/svg><\/span>  Dann trage dich gerne in unseren Verteiler ein.  <\/a>\n<\/div>\n<\/div>\n<\/div><\/div>\n\n<div class='grid grid-cols-12 container'><div class='col-span-12 lg:col-span-8 lg:col-start-3'><div class=\"bb-spacer-block h-2 lg:h-4 \">\n\t\n<\/div>\n\n<\/div><\/div>\n\n<div class='grid grid-cols-12 container'><div class='col-span-12 lg:col-span-8 lg:col-start-3'><div class=\"bb-spacer-block h-3 lg:h-6 border-t border-gray-300\">\n\t\n<\/div>\n\n<\/div><\/div>\n\n<div class='grid grid-cols-12 container'><div class='col-span-12 lg:col-span-8 lg:col-start-3'>\n\n<div data-anchor-title=\"\" class=\"bb-headline-block\">\n\t<div class=\"anchor-offset\" id=\"\"><\/div>\n\t\t\t<h3 class=\"default \">\n\t\t\t<span class=\"\">\n\t\t\t\tWas nehmen wir mit?\t\t\t<\/span>\n\t\t<\/h3>\n\t<\/div>\n<\/div><\/div>\n\n<div class='grid grid-cols-12 container'><div class='col-span-12 lg:col-span-8 lg:col-start-3'><div class=\"bb-spacer-block h-3 lg:h-6 \">\n\t\n<\/div>\n\n<\/div><\/div>\n\n<div class='grid grid-cols-12 container'><div class='col-span-12 lg:col-span-8 lg:col-start-3'>\n<div class=\"wp-block-columns is-layout-flex wp-container-core-columns-is-layout-9d6595d7 wp-block-columns-is-layout-flex\">\n<div class=\"wp-block-column is-layout-flow wp-block-column-is-layout-flow\" style=\"flex-basis:33.33%\"><div class=\"bb-paragraph-block font-inherit  text-base lg:text-xl\">\n\t<p><span style=\"font-weight: 400;\">Auf dem Kongress wurde die Ver\u00e4nderung digitaler Teilhabe in der Community diskutiert. Daniel Sigge stellte fest, dass die deutschsprachige Wikipedia im Gegensatz zu anderen Sprachversionen einen fallenden Trend zeigt. Communitys sind essentiell f\u00fcr Bindung und Gemeinschaft, umfassen aktive und passive Mitglieder und ben\u00f6tigen spezifische Pflege.<\/span><\/p>\n<\/div>\n<\/div>\n\n\n\n<div class=\"wp-block-column is-layout-flow wp-block-column-is-layout-flow\" style=\"flex-basis:66.66%\">\n<div class=\"bb-image-block my-4\">\n            <figure class=\"flex flex-col relative \" role=\"group\">\n        <img loading=\"lazy\" decoding=\"async\" width=\"2560\" height=\"1440\" src=\"https:\/\/www.wikimedia.de\/zukunftskongress\/wp-content\/uploads\/2024\/06\/Wiki_07_-_Community-1-scaled.jpg\" class=\"w-full h-auto \" alt=\"Graphic Recording \u2013 Wie ver\u00e4ndert sich Community?\" sizes=\"auto,  \" srcset=\"https:\/\/www.wikimedia.de\/zukunftskongress\/wp-content\/uploads\/2024\/06\/Wiki_07_-_Community-1-scaled.jpg 2560w, https:\/\/www.wikimedia.de\/zukunftskongress\/wp-content\/uploads\/2024\/06\/Wiki_07_-_Community-1-300x169.jpg 300w, https:\/\/www.wikimedia.de\/zukunftskongress\/wp-content\/uploads\/2024\/06\/Wiki_07_-_Community-1-1024x576.jpg 1024w, https:\/\/www.wikimedia.de\/zukunftskongress\/wp-content\/uploads\/2024\/06\/Wiki_07_-_Community-1-768x432.jpg 768w, https:\/\/www.wikimedia.de\/zukunftskongress\/wp-content\/uploads\/2024\/06\/Wiki_07_-_Community-1-1536x864.jpg 1536w, https:\/\/www.wikimedia.de\/zukunftskongress\/wp-content\/uploads\/2024\/06\/Wiki_07_-_Community-1-2048x1152.jpg 2048w\" \/>                <figcaption class=\"invisible flex absolute left-0 bottom-0 right-0 text-white bg-gray-900 w-auto h-auto z-20 p-2 text-sm flex items-start gap-4 break-all \">\n            <span class='bb-icon flex-shrink-0'><?xml version=\"1.0\" encoding=\"utf-8\"?>\n<svg width=\"16\" height=\"16\" fill=\"none\" viewBox=\"0 0 16 16\" xmlns=\"http:\/\/www.w3.org\/2000\/svg\" role=\"presentation\" aria-hidden=\"true\">\n  <path fill-rule=\"evenodd\" clip-rule=\"evenodd\" d=\"M16 8C16 10.1217 15.1571 12.1566 13.6569 13.6569C12.1566 15.1571 10.1217 16 8 16C5.87827 16 3.84344 15.1571 2.34315 13.6569C0.842855 12.1566 0 10.1217 0 8C0 5.87827 0.842855 3.84344 2.34315 2.34315C3.84344 0.842855 5.87827 0 8 0C10.1217 0 12.1566 0.842855 13.6569 2.34315C15.1571 3.84344 16 5.87827 16 8ZM9 4C9 4.26522 8.89464 4.51957 8.70711 4.70711C8.51957 4.89464 8.26522 5 8 5C7.73478 5 7.48043 4.89464 7.29289 4.70711C7.10536 4.51957 7 4.26522 7 4C7 3.73478 7.10536 3.48043 7.29289 3.29289C7.48043 3.10536 7.73478 3 8 3C8.26522 3 8.51957 3.10536 8.70711 3.29289C8.89464 3.48043 9 3.73478 9 4ZM7 7C6.73478 7 6.48043 7.10536 6.29289 7.29289C6.10536 7.48043 6 7.73478 6 8C6 8.26522 6.10536 8.51957 6.29289 8.70711C6.48043 8.89464 6.73478 9 7 9V12C7 12.2652 7.10536 12.5196 7.29289 12.7071C7.48043 12.8946 7.73478 13 8 13H9C9.26522 13 9.51957 12.8946 9.70711 12.7071C9.89464 12.5196 10 12.2652 10 12C10 11.7348 9.89464 11.4804 9.70711 11.2929C9.51957 11.1054 9.26522 11 9 11V8C9 7.73478 8.89464 7.48043 8.70711 7.29289C8.51957 7.10536 8.26522 7 8 7H7Z\" fill=\"white\"\/>\n<\/svg><\/span> <div class=\"self-center\">\u00a9 Miriam Barton<\/div>\n        <\/figcaption>\n            <\/figure>\n        <\/div><\/div>\n<\/div>\n<\/div><\/div>\n\n<div class='grid grid-cols-12 container'><div class='col-span-12 lg:col-span-8 lg:col-start-3'><div class=\"bb-paragraph-block font-inherit  text-base lg:text-xl\">\n\t<p><span style=\"font-weight: 400;\">Ein Hauptproblem der deutschsprachigen Wikipedia ist der R\u00fcckgang der Beteiligung. Die schnelle heutige Welt f\u00fchrt oft zu R\u00fcckzug, Burnout oder Verharren in alten Strukturen. Sigge betonte, dass Anpassung und Experimentieren wichtig sind.\u00a0<\/span><\/p>\n<p><span style=\"font-weight: 400;\">Das Podium \u201eZwischen Tradition und Innovation\u201c hob hervor, dass Wissensl\u00fccken geschlossen und unterrepr\u00e4sentierte Inhalte integriert werden m\u00fcssen, um mehr Diversit\u00e4t und Wissensgerechtigkeit zu erreichen. Ehrenamtliches Engagement bleibt trotz anf\u00e4nglicher Schwierigkeiten wichtig.<\/span><\/p>\n<p><span style=\"font-weight: 400;\">Die Wikipedia-Community reagiert auf die Gegenwart und vermeidet traditionelle Reflexe. Eine Herausforderung bleibt die oft abschreckende Haltung gegen\u00fcber neuen Mitgliedern. Wikipedia sollte benutzerfreundlicher werden, besonders im globalen Kontext, wo Zugang zum Internet und Bewusstsein \u00fcber die Editierbarkeit zentrale Themen sind. Technische und kulturelle Verbesserungen k\u00f6nnten die Partizipation erleichtern.<\/span><\/p>\n<p><span style=\"font-weight: 400;\">Die Wahrnehmung von Wikipedia hat sich von einer \u201ezu schreibenden\u201c zu einer \u201egeschriebenen\u201c Enzyklop\u00e4die gewandelt. Eine Marketingkampagne mit aktiven Autor*innen und bessere Sichtbarkeit von Hilfeseiten k\u00f6nnten dies \u00e4ndern. Die Community sollte mutiger Ver\u00e4nderungen annehmen. Die Entscheidungskultur ist komplex und sollte transparenter werden. Mehr Offenheit und die St\u00e4rkung von Sub-Communitys wurden als L\u00f6sungen vorgeschlagen.\u00a0<\/span><\/p>\n<p><span style=\"font-weight: 400;\">Abschlie\u00dfend wurde betont, dass Diversit\u00e4t und neue Beitragsformen entscheidend sind und Partnerschaften mit anderen Institutionen helfen k\u00f6nnten, die n\u00f6tigen Ressourcen bereitzustellen. Es wurde dazu aufgerufen, mehr WikiLove zu verbreiten und die Community aktiv zu unterst\u00fctzen.<\/span><\/p>\n<\/div>\n<\/div><\/div>\n\n<div class='grid grid-cols-12 container'><div class='col-span-12 lg:col-span-8 lg:col-start-3'><div class=\"bb-spacer-block h-3 lg:h-6 border-t border-gray-300\">\n\t\n<\/div>\n\n<\/div><\/div>\n\n<div class='grid grid-cols-12 container'><div class='col-span-12 lg:col-span-8 lg:col-start-3'>\n\n<div data-anchor-title=\"\" class=\"bb-headline-block\">\n\t<div class=\"anchor-offset\" id=\"\"><\/div>\n\t\t\t<h3 class=\"default \">\n\t\t\t<span class=\"\">\n\t\t\t\tKeynote: Die n\u00e4chste Community: Wie ver\u00e4ndern wir digitale Teilhabe?\t\t\t<\/span>\n\t\t<\/h3>\n\t<\/div>\n<\/div><\/div>\n\n<div class='grid grid-cols-12 container'><div class='col-span-12 lg:col-span-8 lg:col-start-3'><div class=\"bb-spacer-block h-3 lg:h-6 \">\n\t\n<\/div>\n\n<\/div><\/div>\n\n<div class='grid grid-cols-12 container'><div class='col-span-12 lg:col-span-8 lg:col-start-3'>\n<div class=\"wp-block-columns is-layout-flex wp-container-core-columns-is-layout-9d6595d7 wp-block-columns-is-layout-flex\">\n<div class=\"wp-block-column is-layout-flow wp-block-column-is-layout-flow\">\n\n<div data-anchor-title=\"\" class=\"bb-headline-block\">\n\t<div class=\"anchor-offset\" id=\"\"><\/div>\n\t\t\t<h4 class=\"default \">\n\t\t\t<span class=\"\">\n\t\t\t\tInhalt zur Keynote\t\t\t<\/span>\n\t\t<\/h4>\n\t<\/div>\n\n\n<div class=\"bb-paragraph-block font-inherit  text-base lg:text-xl\">\n\t<p>Wie kommen wir heute zusammen? In der fortschreitenden Digitalit\u00e4t wird die Luft um partizipative R\u00e4ume d\u00fcnner. Alle wollen Communities aufbauen: Plattformen, Creator*innen, Marken. Welche Lebenszyklen durchlaufen Online-Communities dabei? Wie agieren maturierte Communities innerhalb von Plattform-Architekturen? Und wie machen wir hier weiter? Die Keynote besch\u00e4ftigt sich experimentell mit zeitgen\u00f6ssischen Formen digitaler Community-Arbeit.<\/p>\n<\/div>\n<\/div>\n\n\n\n<div class=\"wp-block-column is-layout-flow wp-block-column-is-layout-flow\"><div class=\"bb-spacer-block h-3 lg:h-6 \">\n\t\n<\/div>\n\n\n\n<figure><video preload=\"none\" poster=\"https:\/\/upload.wikimedia.org\/wikipedia\/commons\/thumb\/9\/99\/Wikipedia-Zukunftskongress_2024_%E2%80%93_Keynote_3.webm\/1024px--Wikipedia-Zukunftskongress_2024_%E2%80%93_Keynote_3.webm.jpg\" controls><source src=\"https:\/\/upload.wikimedia.org\/wikipedia\/commons\/9\/99\/Wikipedia-Zukunftskongress_2024_%E2%80%93_Keynote_3.webm\" type=\"video\/webm\"><\/video><\/figure><\/div>\n<\/div>\n<\/div><\/div>\n\n<div class='grid grid-cols-12 container'><div class='col-span-12 lg:col-span-8 lg:col-start-3'><div class=\"bb-spacer-block h-3 lg:h-6 border-t border-gray-300\">\n\t\n<\/div>\n\n<\/div><\/div>\n\n<div class='grid grid-cols-12 container'><div class='col-span-12 lg:col-span-8 lg:col-start-3'><div class=\"bb-spacer-block h-3 lg:h-6 \">\n\t\n<\/div>\n\n<\/div><\/div>\n\n<div class='grid grid-cols-12 container'><div class='col-span-12 lg:col-span-8 lg:col-start-3'>\n\n<div data-anchor-title=\"\" class=\"bb-headline-block\">\n\t<div class=\"anchor-offset\" id=\"\"><\/div>\n\t\t\t<h3 class=\"default \">\n\t\t\t<span class=\"\">\n\t\t\t\tPodium: Zwischen Tradition und Innovation \u2013 wie entwickelt sich die Wikipedia-Community\t\t\t<\/span>\n\t\t<\/h3>\n\t<\/div>\n<\/div><\/div>\n\n<div class='grid grid-cols-12 container'><div class='col-span-12 lg:col-span-8 lg:col-start-3'><div class=\"bb-spacer-block h-3 lg:h-6 \">\n\t\n<\/div>\n\n<\/div><\/div>\n\n<div class='grid grid-cols-12 container'><div class='col-span-12 lg:col-span-8 lg:col-start-3'>\n<div class=\"wp-block-columns is-layout-flex wp-container-core-columns-is-layout-9d6595d7 wp-block-columns-is-layout-flex\">\n<div class=\"wp-block-column is-layout-flow wp-block-column-is-layout-flow\">\n\n<div data-anchor-title=\"\" class=\"bb-headline-block\">\n\t<div class=\"anchor-offset\" id=\"\"><\/div>\n\t\t\t<h4 class=\"default \">\n\t\t\t<span class=\"\">\n\t\t\t\tInhalt des Podiums\t\t\t<\/span>\n\t\t<\/h4>\n\t<\/div>\n\n\n<div class=\"bb-paragraph-block font-inherit  text-base lg:text-xl\">\n\t<p>Wikipedia gilt als eine der langlebigsten und bedeutendsten Online-Communities. Seit ihrem Start im Jahr 2001 wurden in der deutschsprachigen Wikipedia mehr als 4 Millionen Benutzeraccounts erstellt. Beteiligt haben sich die Angemeldeten sehr unterschiedlich. Manche sind dabei geblieben, viele nicht. Ca. 6.000 Wikipedianer*innen editieren regelm\u00e4\u00dfig. Einige Gruppen sind bis heute in der Community unterrepr\u00e4sentiert.<\/p>\n<p>Wohin entwickelt sich die Wikipedia-Community in der Zukunft? Welche Entwicklungszyklen, Muster und Trends lassen sich in anderen Online-Communities ausmachen? Mit verschiedenen Perspektiven auf dem Podium und Input aus dem Publikum soll es um die Frage gehen, welche Werte gest\u00e4rkt werden k\u00f6nnen und wo es sich lohnt, ganz neue Strategien zu entwickeln.<\/p>\n<\/div>\n<\/div>\n\n\n\n<div class=\"wp-block-column is-layout-flow wp-block-column-is-layout-flow\"><div class=\"bb-spacer-block h-3 lg:h-6 \">\n\t\n<\/div>\n\n\n\n<figure><video preload=\"none\" poster=\"https:\/\/upload.wikimedia.org\/wikipedia\/commons\/thumb\/c\/cc\/Wikipedia-Zukunftskongress_2024_%E2%80%93_Podium_Zwischen_Tradition_und_Innovation_-_wie_entwickelt_sich_die_Wikipedia-Community.webm\/1024px--Wikipedia-Zukunftskongress_2024_%E2%80%93_Podium_Zwischen_Tradition_und_Innovation_-_wie_entwickelt_sich_die_Wikipedia-Community.webm.jpg\" controls><source src=\"https:\/\/upload.wikimedia.org\/wikipedia\/commons\/c\/cc\/Wikipedia-Zukunftskongress_2024_%E2%80%93_Podium_Zwischen_Tradition_und_Innovation_-_wie_entwickelt_sich_die_Wikipedia-Community.webm\" type=\"video\/webm\"><\/video><\/figure><\/div>\n<\/div>\n<\/div><\/div>\n\n<div class='grid grid-cols-12 container'><div class='col-span-12 lg:col-span-8 lg:col-start-3'>\n<div class=\"wp-block-columns is-layout-flex wp-container-core-columns-is-layout-9d6595d7 wp-block-columns-is-layout-flex\">\n<div class=\"wp-block-column is-layout-flow wp-block-column-is-layout-flow\" style=\"flex-basis:33.33%\"><\/div>\n\n\n\n<div class=\"wp-block-column is-layout-flow wp-block-column-is-layout-flow\" style=\"flex-basis:66.66%\"><\/div>\n<\/div>\n<\/div><\/div>","protected":false},"excerpt":{"rendered":"","protected":false},"author":3,"featured_media":0,"parent":908,"menu_order":0,"comment_status":"closed","ping_status":"closed","template":"","meta":{"_acf_changed":false,"footnotes":""},"class_list":["post-929","page","type-page","status-publish","hentry"],"acf":[],"_links":{"self":[{"href":"https:\/\/www.wikimedia.de\/zukunftskongress\/wp-json\/wp\/v2\/pages\/929","targetHints":{"allow":["GET"]}}],"collection":[{"href":"https:\/\/www.wikimedia.de\/zukunftskongress\/wp-json\/wp\/v2\/pages"}],"about":[{"href":"https:\/\/www.wikimedia.de\/zukunftskongress\/wp-json\/wp\/v2\/types\/page"}],"author":[{"embeddable":true,"href":"https:\/\/www.wikimedia.de\/zukunftskongress\/wp-json\/wp\/v2\/users\/3"}],"replies":[{"embeddable":true,"href":"https:\/\/www.wikimedia.de\/zukunftskongress\/wp-json\/wp\/v2\/comments?post=929"}],"version-history":[{"count":16,"href":"https:\/\/www.wikimedia.de\/zukunftskongress\/wp-json\/wp\/v2\/pages\/929\/revisions"}],"predecessor-version":[{"id":1211,"href":"https:\/\/www.wikimedia.de\/zukunftskongress\/wp-json\/wp\/v2\/pages\/929\/revisions\/1211"}],"up":[{"embeddable":true,"href":"https:\/\/www.wikimedia.de\/zukunftskongress\/wp-json\/wp\/v2\/pages\/908"}],"wp:attachment":[{"href":"https:\/\/www.wikimedia.de\/zukunftskongress\/wp-json\/wp\/v2\/media?parent=929"}],"curies":[{"name":"wp","href":"https:\/\/api.w.org\/{rel}","templated":true}]}}